{"id":895958,"date":"2026-08-12T17:00:28","date_gmt":"2026-08-12T15:00:28","guid":{"rendered":"https:\/\/lucacastelli.com\/prodotto\/stihl-batterie-ap-100-0-p-allpro-ap\/"},"modified":"2026-08-12T17:00:28","modified_gmt":"2026-08-12T15:00:28","slug":"stihl-batterie-ap-100-0-p-allpro-ap","status":"publish","type":"product","link":"https:\/\/lucacastelli.com\/fr\/produit\/stihl-batterie-ap-100-0-p-allpro-ap\/","title":{"rendered":"STIHL Batterie AP 100.0 P ALLPRO\/AP"},"content":{"rendered":"<p>Batterie ALLPRO STIHL AP 100.0 P : poids r\u00e9duit avec puissance de nouvelle g\u00e9n\u00e9ration<br \/>\nGr\u00e2ce \u00e0 son poids r\u00e9duit et \u00e0 sa puissance de sortie \u00e9lev\u00e9e, la STIHL AP 100.0 P est particuli\u00e8rement adapt\u00e9e aux travaux qui exigent \u00e0 la fois ergonomie et efficacit\u00e9. Elle est destin\u00e9e aussi bien aux professionnels qu&#8217;aux utilisateurs priv\u00e9s, par exemple pour les travaux d&#8217;entretien et de finition dans le jardinage et l&#8217;entretien des espaces verts. Surtout en combinaison avec des appareils portatifs, comme par exemple les taille-haies, le poids r\u00e9duit offre des avantages tangibles, en particulier lors de travaux prolong\u00e9s.  <\/p>\n<p>Autres caract\u00e9ristiques :<\/p>\n<p>Technologie de cellules Tabless : garantit un flux \u00e9nerg\u00e9tique optimis\u00e9, une moindre surchauffe et donc des performances globales sup\u00e9rieures.<br \/>\nFonction de charge rapide : permet d&#8217;atteindre 80 % de la charge en seulement 9 minutes (en utilisant le chargeur rapide STIHL AL 1802 MO).<br \/>\nFonction Power Boost : met automatiquement \u00e0 disposition une puissance suppl\u00e9mentaire pour les travaux particuli\u00e8rement exigeants. La temp\u00e9rature est surveill\u00e9e en permanence et, en cas d&#8217;augmentation excessive, la puissance est r\u00e9duite automatiquement. Cela prot\u00e8ge la batterie et am\u00e9liore ses performances et sa fiabilit\u00e9. De plus, cela contribue \u00e0 prolonger sa dur\u00e9e de vie utile.<br \/>\nCertification IPX5 : la batterie est adapt\u00e9e pour travailler sous la pluie et dans des conditions d&#8217;humidit\u00e9.<br \/>\nDur\u00e9e de vie particuli\u00e8rement \u00e9lev\u00e9e avec plus de 3 000 cycles de charge (jusqu&#8217;\u00e0 3 000 cycles sans pertes de performances significatives. Par la suite, elle reste n\u00e9anmoins utilisable).<br \/>\nRemarque : Les appareils du syst\u00e8me STIHL ALLPRO peuvent \u00eatre utilis\u00e9s aussi bien avec les batteries ALLPRO qu&#8217;avec les batteries AP.   <\/p>\n<p>&nbsp;<\/p>\n<table data-test-id=\"pdp-spec-tech-table\">\n<tbody>\n<tr>\n<td>Tension nominale<\/td>\n<td>36 V<\/td>\n<\/tr>\n<tr>\n<td>Tension max.<\/td>\n<td>40 V<\/td>\n<\/tr>\n<tr>\n<td>Syst\u00e8me de batterie<\/td>\n<td>ALLPRO\/AP<\/td>\n<\/tr>\n<tr>\n<td>Poids de la batterie<\/td>\n<td>0,9 kg<\/td>\n<\/tr>\n<tr>\n<td>Contenu \u00e9nerg\u00e9tique<\/td>\n<td>111 Wh<\/td>\n<\/tr>\n<tr>\n<td>Capacit\u00e9 nominale selon IEC 61960<\/td>\n<td>2,90 Ah<\/td>\n<\/tr>\n<tr>\n<td>Capacit\u00e9 nominale de la cellule (selon les donn\u00e9es du fabricant)<\/td>\n<td>3 Ah<\/td>\n<\/tr>\n<tr>\n<td>Nombre de LED<\/td>\n<td>4<\/td>\n<\/tr>\n<tr>\n<td>Largeur<\/td>\n<td>116 mm<\/td>\n<\/tr>\n<tr>\n<td>Hauteur<\/td>\n<td>164 mm<\/td>\n<\/tr>\n<tr>\n<td>Longueur<\/td>\n<td>70 mm<\/td>\n<\/tr>\n<\/tbody>\n<\/table>\n","protected":false},"excerpt":{"rendered":"<p>Batterie ALLPRO STIHL AP 100.0 P : poids r\u00e9duit avec puissance de nouvelle g\u00e9n\u00e9ration Gr\u00e2ce \u00e0 son poids r\u00e9duit et<\/p>\n","protected":false},"featured_media":868243,"template":"","meta":{"_seopress_robots_primary_cat":"","_seopress_titles_title":"","_seopress_titles_desc":"","_seopress_robots_index":""},"product_brand":[3555],"product_cat":[167,1450],"product_tag":[],"class_list":{"0":"post-895958","1":"product","2":"type-product","3":"status-publish","4":"has-post-thumbnail","6":"product_brand-stihl-fr","7":"product_cat-machines","8":"product_cat-systemes-de-batteries-accessoires","9":"sws-gruppo-no-gruppo","10":"sws-conto-ricavi-merci-rivendita-macchinari","11":"sws-gruppo-iva-iva81","13":"first","14":"instock","15":"sale","16":"shipping-taxable","17":"purchasable","18":"product-type-simple"},"_links":{"self":[{"href":"https:\/\/lucacastelli.com\/fr\/wp-json\/wp\/v2\/product\/895958","targetHints":{"allow":["GET"]}}],"collection":[{"href":"https:\/\/lucacastelli.com\/fr\/wp-json\/wp\/v2\/product"}],"about":[{"href":"https:\/\/lucacastelli.com\/fr\/wp-json\/wp\/v2\/types\/product"}],"wp:featuredmedia":[{"embeddable":true,"href":"https:\/\/lucacastelli.com\/fr\/wp-json\/wp\/v2\/media\/868243"}],"wp:attachment":[{"href":"https:\/\/lucacastelli.com\/fr\/wp-json\/wp\/v2\/media?parent=895958"}],"wp:term":[{"taxonomy":"product_brand","embeddable":true,"href":"https:\/\/lucacastelli.com\/fr\/wp-json\/wp\/v2\/product_brand?post=895958"},{"taxonomy":"product_cat","embeddable":true,"href":"https:\/\/lucacastelli.com\/fr\/wp-json\/wp\/v2\/product_cat?post=895958"},{"taxonomy":"product_tag","embeddable":true,"href":"https:\/\/lucacastelli.com\/fr\/wp-json\/wp\/v2\/product_tag?post=895958"}],"curies":[{"name":"wp","href":"https:\/\/api.w.org\/{rel}","templated":true}]}}

<p>Batterie ALLPRO STIHL AP 100.0 P : poids réduit avec puissance de nouvelle génération<br />
Grâce à son poids réduit et à sa puissance de sortie élevée, la STIHL AP 100.0 P est particulièrement adaptée aux travaux qui exigent à la fois ergonomie et efficacité. Elle est destinée aussi bien aux professionnels qu&#8217;aux utilisateurs privés, par exemple pour les travaux d&#8217;entretien et de finition dans le jardinage et l&#8217;entretien des espaces verts. Surtout en combinaison avec des appareils portatifs, comme par exemple les taille-haies, le poids réduit offre des avantages tangibles, en particulier lors de travaux prolongés.  </p>
<p>Autres caractéristiques :</p>
<p>Technologie de cellules Tabless : garantit un flux énergétique optimisé, une moindre surchauffe et donc des performances globales supérieures.<br />
Fonction de charge rapide : permet d&#8217;atteindre 80 % de la charge en seulement 9 minutes (en utilisant le chargeur rapide STIHL AL 1802 MO).<br />
Fonction Power Boost : met automatiquement à disposition une puissance supplémentaire pour les travaux particulièrement exigeants. La température est surveillée en permanence et, en cas d&#8217;augmentation excessive, la puissance est réduite automatiquement. Cela protège la batterie et améliore ses performances et sa fiabilité. De plus, cela contribue à prolonger sa durée de vie utile.<br />
Certification IPX5 : la batterie est adaptée pour travailler sous la pluie et dans des conditions d&#8217;humidité.<br />
Durée de vie particulièrement élevée avec plus de 3 000 cycles de charge (jusqu&#8217;à 3 000 cycles sans pertes de performances significatives. Par la suite, elle reste néanmoins utilisable).<br />
Remarque : Les appareils du système STIHL ALLPRO peuvent être utilisés aussi bien avec les batteries ALLPRO qu&#8217;avec les batteries AP.   </p>
<p>&nbsp;</p>
<table data-test-id="pdp-spec-tech-table">
<tbody>
<tr>
<td>Tension nominale</td>
<td>36 V</td>
</tr>
<tr>
<td>Tension max.</td>
<td>40 V</td>
</tr>
<tr>
<td>Système de batterie</td>
<td>ALLPRO/AP</td>
</tr>
<tr>
<td>Poids de la batterie</td>
<td>0,9 kg</td>
</tr>
<tr>
<td>Contenu énergétique</td>
<td>111 Wh</td>
</tr>
<tr>
<td>Capacité nominale selon IEC 61960</td>
<td>2,90 Ah</td>
</tr>
<tr>
<td>Capacité nominale de la cellule (selon les données du fabricant)</td>
<td>3 Ah</td>
</tr>
<tr>
<td>Nombre de LED</td>
<td>4</td>
</tr>
<tr>
<td>Largeur</td>
<td>116 mm</td>
</tr>
<tr>
<td>Hauteur</td>
<td>164 mm</td>
</tr>
<tr>
<td>Longueur</td>
<td>70 mm</td>
</tr>
</tbody>
</table>

<p>Batterie ALLPRO STIHL AP 100.0 P : poids réduit avec puissance de nouvelle génération Grâce à son poids réduit et</p>
