{"id":885253,"date":"2026-08-17T14:51:40","date_gmt":"2026-08-17T12:51:40","guid":{"rendered":"https:\/\/lucacastelli.com\/prodotto\/copertura-filtro-per-gvsrpb-px5-filtro-combinato-per-protezione-respiratoria-2\/"},"modified":"2026-09-02T15:48:59","modified_gmt":"2026-09-02T13:48:59","slug":"copertura-filtro-per-gvsrpb-px5-filtro-combinato-per-protezione-respiratoria-2","status":"publish","type":"product","link":"https:\/\/lucacastelli.com\/fr\/produit\/copertura-filtro-per-gvsrpb-px5-filtro-combinato-per-protezione-respiratoria-2\/","title":{"rendered":"Copertura filtro per GVS|rpb PX5 filtro combinato per protezione respiratoria"},"content":{"rendered":"<p>Copertura filtro per il sistema di protezione respiratoria PX5 di GVS-RPBQuesta copertura filtro \u00e8 appositamente progettata per l\u2019uso con filtri combinati del sistema di protezione respiratoria PX5. Garantisce una protezione ottimale e una sicura tenuta delle componenti del filtro e rispetta i requisiti della norma EN 12941. La copertura \u00e8 certificata CE e soddisfa pertanto i pi\u00f9 elevati standard di sicurezza e qualit\u00e0.Su GVS-RPBGVS-RPB \u00e8 un rinomato produttore nel campo dell\u2019attrezzatura di protezione individuale, noto per lo sviluppo di prodotti innovativi e per i suoi elevati standard qualitativi. Con un focus sulle soluzioni di protezione respiratoria, l\u2019azienda offre sistemi affidabili che rispondono alle specifiche esigenze di diversi ambienti di lavoro.<br \/>\npezzo<br \/>\nGVS|rpb <\/p>\n<p>7610622659253<\/p>\n","protected":false},"excerpt":{"rendered":"<p>Copertura filtro per il sistema di protezione respiratoria PX5 di GVS-RPBQuesta copertura filtro \u00e8 appositamente progettata per l\u2019uso con filtri<\/p>\n","protected":false},"featured_media":885254,"template":"","meta":{"_seopress_robots_primary_cat":"","_seopress_titles_title":"","_seopress_titles_desc":"","_seopress_robots_index":""},"product_brand":[7884],"product_cat":[21,33,537,817,816],"product_tag":[],"class_list":{"0":"post-885253","1":"product","2":"type-product","3":"status-publish","4":"has-post-thumbnail","6":"product_brand-thomi","7":"product_cat-abbigliamento","8":"product_cat-attrezzature","9":"product_cat-attrezzatura-da-lavoro","10":"product_cat-caschi-attrezzatura-per-il-tempo-libero","11":"product_cat-visiere-e-occhiali-protettivi","12":"sws-gruppo-no-gruppo","13":"sws-gruppo-iva-iva81","15":"first","16":"instock","17":"shipping-taxable","18":"purchasable","19":"product-type-simple"},"_links":{"self":[{"href":"https:\/\/lucacastelli.com\/fr\/wp-json\/wp\/v2\/product\/885253","targetHints":{"allow":["GET"]}}],"collection":[{"href":"https:\/\/lucacastelli.com\/fr\/wp-json\/wp\/v2\/product"}],"about":[{"href":"https:\/\/lucacastelli.com\/fr\/wp-json\/wp\/v2\/types\/product"}],"wp:featuredmedia":[{"embeddable":true,"href":"https:\/\/lucacastelli.com\/fr\/wp-json\/wp\/v2\/media\/885254"}],"wp:attachment":[{"href":"https:\/\/lucacastelli.com\/fr\/wp-json\/wp\/v2\/media?parent=885253"}],"wp:term":[{"taxonomy":"product_brand","embeddable":true,"href":"https:\/\/lucacastelli.com\/fr\/wp-json\/wp\/v2\/product_brand?post=885253"},{"taxonomy":"product_cat","embeddable":true,"href":"https:\/\/lucacastelli.com\/fr\/wp-json\/wp\/v2\/product_cat?post=885253"},{"taxonomy":"product_tag","embeddable":true,"href":"https:\/\/lucacastelli.com\/fr\/wp-json\/wp\/v2\/product_tag?post=885253"}],"curies":[{"name":"wp","href":"https:\/\/api.w.org\/{rel}","templated":true}]}}

<p>Copertura filtro per il sistema di protezione respiratoria PX5 di GVS-RPBQuesta copertura filtro è appositamente progettata per l’uso con filtri combinati del sistema di protezione respiratoria PX5. Garantisce una protezione ottimale e una sicura tenuta delle componenti del filtro e rispetta i requisiti della norma EN 12941. La copertura è certificata CE e soddisfa pertanto i più elevati standard di sicurezza e qualità.Su GVS-RPBGVS-RPB è un rinomato produttore nel campo dell’attrezzatura di protezione individuale, noto per lo sviluppo di prodotti innovativi e per i suoi elevati standard qualitativi. Con un focus sulle soluzioni di protezione respiratoria, l’azienda offre sistemi affidabili che rispondono alle specifiche esigenze di diversi ambienti di lavoro.<br />
pezzo<br />
GVS|rpb </p>
<p>7610622659253</p>

<p>Copertura filtro per il sistema di protezione respiratoria PX5 di GVS-RPBQuesta copertura filtro è appositamente progettata per l’uso con filtri</p>
