{"id":884400,"date":"2026-08-17T14:18:39","date_gmt":"2026-08-17T12:18:39","guid":{"rendered":"https:\/\/lucacastelli.com\/prodotto\/3m-visiera-di-ricambio-per-protezione-facciale-respiratoria-m-927-e-m206-2\/"},"modified":"2026-09-02T15:48:12","modified_gmt":"2026-09-02T13:48:12","slug":"3m-visiera-di-ricambio-per-protezione-facciale-respiratoria-m-927-e-m206-2","status":"publish","type":"product","link":"https:\/\/lucacastelli.com\/fr\/produit\/3m-visiera-di-ricambio-per-protezione-facciale-respiratoria-m-927-e-m206-2\/","title":{"rendered":"3M Visiera di ricambio per protezione facciale respiratoria M-927 e M206"},"content":{"rendered":"<p>Visiera di ricambio per la visiera protettiva respiratoria 3M M-927 Questo visiera di ricambio \u00e8 appositamente progettata per la visiera protettiva respiratoria 3M M-927 e offre una soluzione perfettamente adattata per prolungare la durata utile del vostro scudo protettivo. \u00c8 ideale come pezzo di ricambio per la visiera protettiva respiratoria 3M M206 e garantisce che la protezione durante il lavoro rimanga sempre ottimale. Grazie alla lavorazione di alta qualit\u00e0, la visuale rimane chiara e la visiera si distingue per la sua robustezza e affidabilit\u00e0.   Informazioni su 3M   3M \u00e8 un\u2019azienda tecnologica leader a livello mondiale che da decenni sviluppa soluzioni innovative per i settori pi\u00f9 diversi. Con il loro focus sulla protezione sul lavoro e sulla sicurezza, i prodotti 3M offrono la massima qualit\u00e0 e protezione affidabile \u2013 per professionisti che quotidianamente dipendono da dispositivi di protezione durevoli e funzionali.<br \/>\npezzo<br \/>\n3M <\/p>\n<p>7610622560030<\/p>\n","protected":false},"excerpt":{"rendered":"<p>Visiera di ricambio per la visiera protettiva respiratoria 3M M-927 Questo visiera di ricambio \u00e8 appositamente progettata per la visiera<\/p>\n","protected":false},"featured_media":884401,"template":"","meta":{"_seopress_robots_primary_cat":"","_seopress_titles_title":"","_seopress_titles_desc":"","_seopress_robots_index":""},"product_brand":[7884],"product_cat":[21,33,537,817,816],"product_tag":[],"class_list":{"0":"post-884400","1":"product","2":"type-product","3":"status-publish","4":"has-post-thumbnail","6":"product_brand-thomi","7":"product_cat-abbigliamento","8":"product_cat-attrezzature","9":"product_cat-attrezzatura-da-lavoro","10":"product_cat-caschi-attrezzatura-per-il-tempo-libero","11":"product_cat-visiere-e-occhiali-protettivi","12":"sws-gruppo-no-gruppo","13":"sws-gruppo-iva-iva81","15":"first","16":"instock","17":"shipping-taxable","18":"purchasable","19":"product-type-simple"},"_links":{"self":[{"href":"https:\/\/lucacastelli.com\/fr\/wp-json\/wp\/v2\/product\/884400","targetHints":{"allow":["GET"]}}],"collection":[{"href":"https:\/\/lucacastelli.com\/fr\/wp-json\/wp\/v2\/product"}],"about":[{"href":"https:\/\/lucacastelli.com\/fr\/wp-json\/wp\/v2\/types\/product"}],"wp:featuredmedia":[{"embeddable":true,"href":"https:\/\/lucacastelli.com\/fr\/wp-json\/wp\/v2\/media\/884401"}],"wp:attachment":[{"href":"https:\/\/lucacastelli.com\/fr\/wp-json\/wp\/v2\/media?parent=884400"}],"wp:term":[{"taxonomy":"product_brand","embeddable":true,"href":"https:\/\/lucacastelli.com\/fr\/wp-json\/wp\/v2\/product_brand?post=884400"},{"taxonomy":"product_cat","embeddable":true,"href":"https:\/\/lucacastelli.com\/fr\/wp-json\/wp\/v2\/product_cat?post=884400"},{"taxonomy":"product_tag","embeddable":true,"href":"https:\/\/lucacastelli.com\/fr\/wp-json\/wp\/v2\/product_tag?post=884400"}],"curies":[{"name":"wp","href":"https:\/\/api.w.org\/{rel}","templated":true}]}}

<p>Visiera di ricambio per la visiera protettiva respiratoria 3M M-927 Questo visiera di ricambio è appositamente progettata per la visiera protettiva respiratoria 3M M-927 e offre una soluzione perfettamente adattata per prolungare la durata utile del vostro scudo protettivo. È ideale come pezzo di ricambio per la visiera protettiva respiratoria 3M M206 e garantisce che la protezione durante il lavoro rimanga sempre ottimale. Grazie alla lavorazione di alta qualità, la visuale rimane chiara e la visiera si distingue per la sua robustezza e affidabilità.   Informazioni su 3M   3M è un’azienda tecnologica leader a livello mondiale che da decenni sviluppa soluzioni innovative per i settori più diversi. Con il loro focus sulla protezione sul lavoro e sulla sicurezza, i prodotti 3M offrono la massima qualità e protezione affidabile – per professionisti che quotidianamente dipendono da dispositivi di protezione durevoli e funzionali.<br />
pezzo<br />
3M </p>
<p>7610622560030</p>

<p>Visiera di ricambio per la visiera protettiva respiratoria 3M M-927 Questo visiera di ricambio è appositamente progettata per la visiera</p>
