{"id":884168,"date":"2026-08-17T14:09:45","date_gmt":"2026-08-17T12:09:45","guid":{"rendered":"https:\/\/lucacastelli.com\/prodotto\/filtro-combinato-per-gas-drager-x-plore-a2-p3-protezione-marrone-bianco-2\/"},"modified":"2026-09-02T15:47:44","modified_gmt":"2026-09-02T13:47:44","slug":"filtro-combinato-per-gas-drager-x-plore-a2-p3-protezione-marrone-bianco-2","status":"publish","type":"product","link":"https:\/\/lucacastelli.com\/fr\/produit\/filtro-combinato-per-gas-drager-x-plore-a2-p3-protezione-marrone-bianco-2\/","title":{"rendered":"Filtro combinato per gas Dr\u00e4ger X-Plore A2\/P3 protezione marrone-bianco"},"content":{"rendered":"<p>Filtro combinato gas A2\/P3 per DR\u00c4GER X-PLORE 4740 e 6300Questo filtro combinato gas con filetto a vite da 40 mm offre una protezione affidabile contro gas e vapori organici nonch\u00e9 particelle fino al livello di filtrazione P3. La classe di filtro A2\/P3 (riconoscibile dai colori marrone e bianco) garantisce una protezione completa in aree di impiego impegnative. Il prodotto \u00e8 stato specificamente sviluppato come accessorio per la semimaschera DR\u00c4GER X-plore 4740 e la maschera integrale DR\u00c4GER X-plore 6300 e soddisfa i requisiti della norma EN 14387 nonch\u00e9 la marcatura CE.Il filtro assicura elevate prestazioni di protezione respiratoria, filtrando efficacemente sostanze organiche nocive e trattenendo allo stesso tempo particelle al massimo livello di filtrazione. Grazie alla compatibilit\u00e0 con i modelli di maschere collaudati di DR\u00c4GER, il filtro pu\u00f2 essere montato facilmente e in sicurezza, garantendo cos\u00ec un elevato comfort e una protezione affidabile.Su DR\u00c4GER:DR\u00c4GER \u00e8 uno dei principali produttori mondiali nel settore della tecnologia per la sicurezza e la medicina. L\u2019azienda si distingue per soluzioni innovative e i pi\u00f9 elevati standard di qualit\u00e0, che supportano i professionisti nel garantire sicurezza e salute in contesti lavorativi diversi. Con anni di esperienza e un ampio portafoglio prodotti, DR\u00c4GER \u00e8 un partner affidabile per sistemi di protezione respiratoria professionali.<br \/>\npezzo<br \/>\nDR\u00c4GER<\/p>\n<p>7610622549295<\/p>\n","protected":false},"excerpt":{"rendered":"<p>Filtro combinato gas A2\/P3 per DR\u00c4GER X-PLORE 4740 e 6300Questo filtro combinato gas con filetto a vite da 40 mm<\/p>\n","protected":false},"featured_media":884169,"template":"","meta":{"_seopress_robots_primary_cat":"","_seopress_titles_title":"","_seopress_titles_desc":"","_seopress_robots_index":""},"product_brand":[7884],"product_cat":[21,33,537,817,816],"product_tag":[],"class_list":{"0":"post-884168","1":"product","2":"type-product","3":"status-publish","4":"has-post-thumbnail","6":"product_brand-thomi","7":"product_cat-abbigliamento","8":"product_cat-attrezzature","9":"product_cat-attrezzatura-da-lavoro","10":"product_cat-caschi-attrezzatura-per-il-tempo-libero","11":"product_cat-visiere-e-occhiali-protettivi","12":"sws-gruppo-no-gruppo","13":"sws-gruppo-iva-iva81","15":"first","16":"instock","17":"shipping-taxable","18":"purchasable","19":"product-type-simple"},"_links":{"self":[{"href":"https:\/\/lucacastelli.com\/fr\/wp-json\/wp\/v2\/product\/884168","targetHints":{"allow":["GET"]}}],"collection":[{"href":"https:\/\/lucacastelli.com\/fr\/wp-json\/wp\/v2\/product"}],"about":[{"href":"https:\/\/lucacastelli.com\/fr\/wp-json\/wp\/v2\/types\/product"}],"wp:featuredmedia":[{"embeddable":true,"href":"https:\/\/lucacastelli.com\/fr\/wp-json\/wp\/v2\/media\/884169"}],"wp:attachment":[{"href":"https:\/\/lucacastelli.com\/fr\/wp-json\/wp\/v2\/media?parent=884168"}],"wp:term":[{"taxonomy":"product_brand","embeddable":true,"href":"https:\/\/lucacastelli.com\/fr\/wp-json\/wp\/v2\/product_brand?post=884168"},{"taxonomy":"product_cat","embeddable":true,"href":"https:\/\/lucacastelli.com\/fr\/wp-json\/wp\/v2\/product_cat?post=884168"},{"taxonomy":"product_tag","embeddable":true,"href":"https:\/\/lucacastelli.com\/fr\/wp-json\/wp\/v2\/product_tag?post=884168"}],"curies":[{"name":"wp","href":"https:\/\/api.w.org\/{rel}","templated":true}]}}

Filtro combinato per gas Dräger X-Plore A2/P3 protezione marrone-bianco

<p>Filtro combinato gas A2/P3 per DRÄGER X-PLORE 4740 e 6300Questo filtro combinato gas con filetto a vite da 40 mm offre una protezione affidabile contro gas e vapori organici nonché particelle fino al livello di filtrazione P3. La classe di filtro A2/P3 (riconoscibile dai colori marrone e bianco) garantisce una protezione completa in aree di impiego impegnative. Il prodotto è stato specificamente sviluppato come accessorio per la semimaschera DRÄGER X-plore 4740 e la maschera integrale DRÄGER X-plore 6300 e soddisfa i requisiti della norma EN 14387 nonché la marcatura CE.Il filtro assicura elevate prestazioni di protezione respiratoria, filtrando efficacemente sostanze organiche nocive e trattenendo allo stesso tempo particelle al massimo livello di filtrazione. Grazie alla compatibilità con i modelli di maschere collaudati di DRÄGER, il filtro può essere montato facilmente e in sicurezza, garantendo così un elevato comfort e una protezione affidabile.Su DRÄGER:DRÄGER è uno dei principali produttori mondiali nel settore della tecnologia per la sicurezza e la medicina. L’azienda si distingue per soluzioni innovative e i più elevati standard di qualità, che supportano i professionisti nel garantire sicurezza e salute in contesti lavorativi diversi. Con anni di esperienza e un ampio portafoglio prodotti, DRÄGER è un partner affidabile per sistemi di protezione respiratoria professionali.<br />
pezzo<br />
DRÄGER</p>
<p>7610622549295</p>

<p>Filtro combinato gas A2/P3 per DRÄGER X-PLORE 4740 e 6300Questo filtro combinato gas con filetto a vite da 40 mm</p>
