{"id":884136,"date":"2026-08-17T14:08:42","date_gmt":"2026-08-17T12:08:42","guid":{"rendered":"https:\/\/lucacastelli.com\/prodotto\/greven-urea-crema-protettiva-100-ml-protezione-della-pelle-contro-la-secchezza-2\/"},"modified":"2026-09-02T21:50:20","modified_gmt":"2026-09-02T19:50:20","slug":"greven-urea-crema-protettiva-100-ml-protezione-della-pelle-contro-la-secchezza-2","status":"publish","type":"product","link":"https:\/\/lucacastelli.com\/fr\/produit\/greven-urea-crema-protettiva-100-ml-protezione-della-pelle-contro-la-secchezza-2\/","title":{"rendered":"Greven Urea Crema Protettiva 100 ml \u2013 Protezione della pelle contro la secchezza"},"content":{"rendered":"<p>Crema per la cura GREVEN UREA, 100 mlLa crema per la cura GREVEN UREA \u00e8 stata appositamente sviluppata per le esigenze della pelle secca, sensibile e molto sollecitata di mani e viso. L\u2019emulsione O\/W delicata, leggermente grassa e a rapido assorbimento nutre intensamente senza ungere. Priva di profumi e siliconi, offre una formula particolarmente tollerabile che sostiene e protegge delicatamente la pelle.Per l\u2019applicazione \u00e8 sufficiente una quantit\u00e0 pari a una nocciola da applicare sulla pelle pulita e ben asciutta dopo la detersione. La crema \u00e8 ideale per la cura regolare dopo il lavoro ed \u00e8 perfetta anche per il viso.Informazioni su GREVENDa molti anni GREVEN rappresenta prodotti per la cura della pelle di alta qualit\u00e0, che pongono particolare attenzione alla tollerabilit\u00e0 e all\u2019efficacia. Con un focus sulla qualit\u00e0 testata e su formule innovative, GREVEN supporta le funzioni di protezione naturali della pelle e vi accompagna affidabilmente nella vita quotidiana.<br \/>\npezzo<br \/>\nGREVEN<\/p>\n<p>7610622540643<\/p>\n","protected":false},"excerpt":{"rendered":"<p>Crema per la cura GREVEN UREA, 100 mlLa crema per la cura GREVEN UREA \u00e8 stata appositamente sviluppata per le<\/p>\n","protected":false},"featured_media":884137,"template":"","meta":{"_seopress_robots_primary_cat":"","_seopress_titles_title":"","_seopress_titles_desc":"","_seopress_robots_index":""},"product_brand":[7884],"product_cat":[29,517],"product_tag":[],"class_list":{"0":"post-884136","1":"product","2":"type-product","3":"status-publish","4":"has-post-thumbnail","6":"product_brand-thomi","7":"product_cat-macchinari","8":"product_cat-aspiratori-per-la-pulizia","9":"sws-gruppo-no-gruppo","10":"sws-gruppo-iva-iva81","12":"first","13":"instock","14":"shipping-taxable","15":"purchasable","16":"product-type-simple"},"_links":{"self":[{"href":"https:\/\/lucacastelli.com\/fr\/wp-json\/wp\/v2\/product\/884136","targetHints":{"allow":["GET"]}}],"collection":[{"href":"https:\/\/lucacastelli.com\/fr\/wp-json\/wp\/v2\/product"}],"about":[{"href":"https:\/\/lucacastelli.com\/fr\/wp-json\/wp\/v2\/types\/product"}],"wp:featuredmedia":[{"embeddable":true,"href":"https:\/\/lucacastelli.com\/fr\/wp-json\/wp\/v2\/media\/884137"}],"wp:attachment":[{"href":"https:\/\/lucacastelli.com\/fr\/wp-json\/wp\/v2\/media?parent=884136"}],"wp:term":[{"taxonomy":"product_brand","embeddable":true,"href":"https:\/\/lucacastelli.com\/fr\/wp-json\/wp\/v2\/product_brand?post=884136"},{"taxonomy":"product_cat","embeddable":true,"href":"https:\/\/lucacastelli.com\/fr\/wp-json\/wp\/v2\/product_cat?post=884136"},{"taxonomy":"product_tag","embeddable":true,"href":"https:\/\/lucacastelli.com\/fr\/wp-json\/wp\/v2\/product_tag?post=884136"}],"curies":[{"name":"wp","href":"https:\/\/api.w.org\/{rel}","templated":true}]}}

<p>Crema per la cura GREVEN UREA, 100 mlLa crema per la cura GREVEN UREA è stata appositamente sviluppata per le esigenze della pelle secca, sensibile e molto sollecitata di mani e viso. L’emulsione O/W delicata, leggermente grassa e a rapido assorbimento nutre intensamente senza ungere. Priva di profumi e siliconi, offre una formula particolarmente tollerabile che sostiene e protegge delicatamente la pelle.Per l’applicazione è sufficiente una quantità pari a una nocciola da applicare sulla pelle pulita e ben asciutta dopo la detersione. La crema è ideale per la cura regolare dopo il lavoro ed è perfetta anche per il viso.Informazioni su GREVENDa molti anni GREVEN rappresenta prodotti per la cura della pelle di alta qualità, che pongono particolare attenzione alla tollerabilità e all’efficacia. Con un focus sulla qualità testata e su formule innovative, GREVEN supporta le funzioni di protezione naturali della pelle e vi accompagna affidabilmente nella vita quotidiana.<br />
pezzo<br />
GREVEN</p>
<p>7610622540643</p>

<p>Crema per la cura GREVEN UREA, 100 mlLa crema per la cura GREVEN UREA è stata appositamente sviluppata per le</p>
