{"id":879211,"date":"2026-08-17T10:44:32","date_gmt":"2026-08-17T08:44:32","guid":{"rendered":"https:\/\/lucacastelli.com\/prodotto\/protezione-nucale-arancione-alta-visibilita-con-protezione-uv-50-taglia-unica-2\/"},"modified":"2026-09-02T15:46:27","modified_gmt":"2026-09-02T13:46:27","slug":"protezione-nucale-arancione-alta-visibilita-con-protezione-uv-50-taglia-unica-2","status":"publish","type":"product","link":"https:\/\/lucacastelli.com\/fr\/produit\/protezione-nucale-arancione-alta-visibilita-con-protezione-uv-50-taglia-unica-2\/","title":{"rendered":"Protezione nucale arancione alta visibilit\u00e0 con protezione UV 50+, taglia unica"},"content":{"rendered":"<p>Protezione per il collo in arancione fluorescente con fattore di protezione UV 50+ \u2013 protezione solare ottimale per la zona del collo  Questa protezione per il collo in vistoso arancione fluorescente \u00e8 realizzata in pregiato tessuto a maglia di poliestere con un peso di 160 g\/m\u00b2 e garantisce una vestibilit\u00e0 sicura grazie al suo elastico integrato. Con una lunghezza di 28 cm protegge in modo affidabile il collo dai dannosi raggi UV e assicura, grazie al fattore di protezione UV testato 50 (secondo il rapporto Hohenstein n. 19.1.10.0556), una protezione massima durante le attivit\u00e0 all\u2019aperto. La taglia unica \u00e8 adatta a tutti i caschi di protezione commerciali standard. La leggera protezione per il collo non presenta visiera frontale e viene consegnata confezionata singolarmente.  Un ulteriore vantaggio \u00e8 la certificazione secondo lo Standard 100 by OEKO-TEX\u00ae, che garantisce tessuti testati per sostanze nocive. Questa pratica protezione per il collo combina in modo ideale comfort, sicurezza e sostenibilit\u00e0.  Informazioni su RESISTA: RESISTA \u00e8 un produttore rinomato di indumenti di protezione innovativi, che pone particolare attenzione a qualit\u00e0, comfort d\u2019uso e sicurezza funzionale. Con metodi di produzione all\u2019avanguardia e processi produttivi rigorosamente controllati, RESISTA garantisce prodotti durevoli e affidabili che soddisfano i requisiti pi\u00f9 elevati.<br \/>\npezzo<\/p>\n<p>7610622666114<\/p>\n<p>One size<\/p>\n","protected":false},"excerpt":{"rendered":"<p>Protezione per il collo in arancione fluorescente con fattore di protezione UV 50+ \u2013 protezione solare ottimale per la zona<\/p>\n","protected":false},"featured_media":879212,"template":"","meta":{"_seopress_robots_primary_cat":"","_seopress_titles_title":"","_seopress_titles_desc":"","_seopress_robots_index":""},"product_brand":[7884],"product_cat":[33,537,817,816],"product_tag":[],"class_list":{"0":"post-879211","1":"product","2":"type-product","3":"status-publish","4":"has-post-thumbnail","6":"product_brand-thomi","7":"product_cat-attrezzature","8":"product_cat-attrezzatura-da-lavoro","9":"product_cat-caschi-attrezzatura-per-il-tempo-libero","10":"product_cat-visiere-e-occhiali-protettivi","11":"sws-gruppo-no-gruppo","12":"sws-gruppo-iva-iva81","14":"first","15":"instock","16":"shipping-taxable","17":"purchasable","18":"product-type-simple"},"_links":{"self":[{"href":"https:\/\/lucacastelli.com\/fr\/wp-json\/wp\/v2\/product\/879211","targetHints":{"allow":["GET"]}}],"collection":[{"href":"https:\/\/lucacastelli.com\/fr\/wp-json\/wp\/v2\/product"}],"about":[{"href":"https:\/\/lucacastelli.com\/fr\/wp-json\/wp\/v2\/types\/product"}],"wp:featuredmedia":[{"embeddable":true,"href":"https:\/\/lucacastelli.com\/fr\/wp-json\/wp\/v2\/media\/879212"}],"wp:attachment":[{"href":"https:\/\/lucacastelli.com\/fr\/wp-json\/wp\/v2\/media?parent=879211"}],"wp:term":[{"taxonomy":"product_brand","embeddable":true,"href":"https:\/\/lucacastelli.com\/fr\/wp-json\/wp\/v2\/product_brand?post=879211"},{"taxonomy":"product_cat","embeddable":true,"href":"https:\/\/lucacastelli.com\/fr\/wp-json\/wp\/v2\/product_cat?post=879211"},{"taxonomy":"product_tag","embeddable":true,"href":"https:\/\/lucacastelli.com\/fr\/wp-json\/wp\/v2\/product_tag?post=879211"}],"curies":[{"name":"wp","href":"https:\/\/api.w.org\/{rel}","templated":true}]}}

Protezione nucale arancione alta visibilità con protezione UV 50+, taglia unica

<p>Protezione per il collo in arancione fluorescente con fattore di protezione UV 50+ – protezione solare ottimale per la zona del collo  Questa protezione per il collo in vistoso arancione fluorescente è realizzata in pregiato tessuto a maglia di poliestere con un peso di 160 g/m² e garantisce una vestibilità sicura grazie al suo elastico integrato. Con una lunghezza di 28 cm protegge in modo affidabile il collo dai dannosi raggi UV e assicura, grazie al fattore di protezione UV testato 50 (secondo il rapporto Hohenstein n. 19.1.10.0556), una protezione massima durante le attività all’aperto. La taglia unica è adatta a tutti i caschi di protezione commerciali standard. La leggera protezione per il collo non presenta visiera frontale e viene consegnata confezionata singolarmente.  Un ulteriore vantaggio è la certificazione secondo lo Standard 100 by OEKO-TEX®, che garantisce tessuti testati per sostanze nocive. Questa pratica protezione per il collo combina in modo ideale comfort, sicurezza e sostenibilità.  Informazioni su RESISTA: RESISTA è un produttore rinomato di indumenti di protezione innovativi, che pone particolare attenzione a qualità, comfort d’uso e sicurezza funzionale. Con metodi di produzione all’avanguardia e processi produttivi rigorosamente controllati, RESISTA garantisce prodotti durevoli e affidabili che soddisfano i requisiti più elevati.<br />
pezzo</p>
<p>7610622666114</p>
<p>One size</p>
