{"id":805069,"date":"2026-03-16T19:54:33","date_gmt":"2026-03-16T18:54:33","guid":{"rendered":"https:\/\/lucacastelli.com\/?post_type=product&#038;p=805069"},"modified":"2026-03-16T20:06:10","modified_gmt":"2026-03-16T19:06:10","slug":"pfanner-ventilation-jacke-en-20471-orange-vif-copia-2","status":"publish","type":"product","link":"https:\/\/lucacastelli.com\/fr\/produit\/pfanner-ventilation-jacke-en-20471-orange-vif-copia-2\/","title":{"rendered":"PFANNER Ventilation Jacke EN 20471 &#8211; orange vif"},"content":{"rendered":"<p>En cas de brouillard, d\u2019obscurit\u00e9 et d\u2019autres conditions de visibilit\u00e9 r\u00e9duite, une d\u00e9tection rapide et fiable est un facteur de s\u00e9curit\u00e9 essentiel. Notre veste de s\u00e9curit\u00e9 Ventilation r\u00e9pond aux exigences de la norme EN ISO 20471 Classe 2 et garantit une visibilit\u00e9 optimale.<br \/>\n-Visibilit\u00e9 haute visibilit\u00e9 selon la norme EN ISO 20471 Classe 2<br \/>\n-Syst\u00e8me de poches Zipp2Zipp\u00ae pour un acc\u00e8s rapide<br \/>\n-Technologie StretchAIR\u00ae : tissus extensibles pour une libert\u00e9 de mouvement optimale<br \/>\n-Technologie KlimaAIR\u00ae : gestion active du climat<br \/>\n-Ventilation sous les aisselles r\u00e9glable<br \/>\n-Poches avant positionn\u00e9es en haut <\/p>\n<p>Mati\u00e8re :<br \/>\n83 % Lycra T400, 17 % polyester<br \/>\nTailles :<br \/>\nXXS \u2013 XL, tailles extra : XXL \u2013 3XL<br \/>\nNormes :<br \/>\nEN 20471 \/ Classe 2<\/p>\n","protected":false},"excerpt":{"rendered":"<p>En cas de brouillard, d\u2019obscurit\u00e9 et d\u2019autres conditions de visibilit\u00e9 r\u00e9duite, une d\u00e9tection rapide et fiable est un facteur de<\/p>\n","protected":false},"featured_media":805119,"template":"","meta":{"_seopress_robots_primary_cat":"none","_seopress_titles_title":"","_seopress_titles_desc":"","_seopress_robots_index":""},"product_brand":[3669],"product_cat":[81,1381],"product_tag":[],"class_list":{"0":"post-805069","1":"product","2":"type-product","3":"status-publish","4":"has-post-thumbnail","6":"product_brand-pfanner-fr","7":"product_cat-vetements","8":"product_cat-vetements-de-travail","9":"sws-gruppo-no-gruppo-fr","10":"sws-conto-ricavi-merci-rivendita-abbigliamento-fr","11":"sws-gruppo-iva-iva81-fr","13":"first","14":"instock","15":"shipping-taxable","16":"purchasable","17":"product-type-variable","18":"has-default-attributes"},"_links":{"self":[{"href":"https:\/\/lucacastelli.com\/fr\/wp-json\/wp\/v2\/product\/805069","targetHints":{"allow":["GET"]}}],"collection":[{"href":"https:\/\/lucacastelli.com\/fr\/wp-json\/wp\/v2\/product"}],"about":[{"href":"https:\/\/lucacastelli.com\/fr\/wp-json\/wp\/v2\/types\/product"}],"wp:featuredmedia":[{"embeddable":true,"href":"https:\/\/lucacastelli.com\/fr\/wp-json\/wp\/v2\/media\/805119"}],"wp:attachment":[{"href":"https:\/\/lucacastelli.com\/fr\/wp-json\/wp\/v2\/media?parent=805069"}],"wp:term":[{"taxonomy":"product_brand","embeddable":true,"href":"https:\/\/lucacastelli.com\/fr\/wp-json\/wp\/v2\/product_brand?post=805069"},{"taxonomy":"product_cat","embeddable":true,"href":"https:\/\/lucacastelli.com\/fr\/wp-json\/wp\/v2\/product_cat?post=805069"},{"taxonomy":"product_tag","embeddable":true,"href":"https:\/\/lucacastelli.com\/fr\/wp-json\/wp\/v2\/product_tag?post=805069"}],"curies":[{"name":"wp","href":"https:\/\/api.w.org\/{rel}","templated":true}]}}

<p>En cas de brouillard, d’obscurité et d’autres conditions de visibilité réduite, une détection rapide et fiable est un facteur de sécurité essentiel. Notre veste de sécurité Ventilation répond aux exigences de la norme EN ISO 20471 Classe 2 et garantit une visibilité optimale.<br />
-Visibilité haute visibilité selon la norme EN ISO 20471 Classe 2<br />
-Système de poches Zipp2Zipp® pour un accès rapide<br />
-Technologie StretchAIR® : tissus extensibles pour une liberté de mouvement optimale<br />
-Technologie KlimaAIR® : gestion active du climat<br />
-Ventilation sous les aisselles réglable<br />
-Poches avant positionnées en haut </p>
<p>Matière :<br />
83 % Lycra T400, 17 % polyester<br />
Tailles :<br />
XXS – XL, tailles extra : XXL – 3XL<br />
Normes :<br />
EN 20471 / Classe 2</p>

<p>En cas de brouillard, d’obscurité et d’autres conditions de visibilité réduite, une détection rapide et fiable est un facteur de</p>
