{"id":804691,"date":"2026-03-16T11:41:21","date_gmt":"2026-03-16T10:41:21","guid":{"rendered":"https:\/\/lucacastelli.com\/prodotto\/crazy-short-alpinstar-2\/"},"modified":"2026-03-16T11:41:21","modified_gmt":"2026-03-16T10:41:21","slug":"crazy-short-alpinstar-2","status":"publish","type":"product","link":"https:\/\/lucacastelli.com\/fr\/produit\/crazy-short-alpinstar-2\/","title":{"rendered":"CRAZY SHORT ALPINSTAR"},"content":{"rendered":"<div class=\"flex flex-col text-sm pb-25\">\n<article class=\"text-token-text-primary w-full focus:outline-none [--shadow-height:45px] has-data-writing-block:pointer-events-none has-data-writing-block:-mt-(--shadow-height) has-data-writing-block:pt-(--shadow-height) [&amp;:has([data-writing-block])&gt;*]:pointer-events-auto scroll-mt-[calc(var(--header-height)+min(200px,max(70px,20svh)))]\" dir=\"auto\" tabindex=\"-1\" data-turn-id=\"request-WEB:dca93298-70f8-4659-a80a-ea8e5cc65860-17\" data-testid=\"conversation-turn-36\" data-scroll-anchor=\"true\" data-turn=\"assistant\">\n<div class=\"text-base my-auto mx-auto pb-10 [--thread-content-margin:var(--thread-content-margin-xs,calc(var(--spacing)*4))] @w-sm\/main:[--thread-content-margin:var(--thread-content-margin-sm,calc(var(--spacing)*6))] @w-lg\/main:[--thread-content-margin:var(--thread-content-margin-lg,calc(var(--spacing)*16))] px-(--thread-content-margin)\">\n<div class=\"[--thread-content-max-width:40rem] @w-lg\/main:[--thread-content-max-width:48rem] mx-auto max-w-(--thread-content-max-width) flex-1 group\/turn-messages focus-visible:outline-hidden relative flex w-full min-w-0 flex-col agent-turn\" tabindex=\"-1\">\n<div class=\"flex max-w-full flex-col gap-4 grow\">\n<div class=\"min-h-8 text-message relative flex w-full flex-col items-end gap-2 text-start break-words whitespace-normal [.text-message+&amp;]:mt-1\" dir=\"auto\" data-message-author-role=\"assistant\" data-message-id=\"ed0d4022-cf12-4c88-b976-f4d035ee0323\" data-message-model-slug=\"gpt-5-3\">\n<div class=\"flex w-full flex-col gap-1 empty:hidden\">\n<div class=\"markdown prose dark:prose-invert w-full wrap-break-word light markdown-new-styling\">\n<p data-start=\"0\" data-end=\"19\"><strong data-start=\"0\" data-end=\"19\">Caract\u00e9ristiques<\/strong><\/p>\n<ul data-start=\"21\" data-end=\"155\">\n<li data-section-id=\"14s42v\" data-start=\"21\" data-end=\"62\">\n<p data-start=\"23\" data-end=\"62\">Poches repose-mains avec fermeture \u00e9clair<\/p>\n<\/li>\n<li data-section-id=\"tc1qzf\" data-start=\"63\" data-end=\"97\">\n<p data-start=\"65\" data-end=\"97\">Coutures contrast\u00e9es<\/p>\n<\/li>\n<li data-section-id=\"1dwu5ag\" data-start=\"98\" data-end=\"133\">\n<p data-start=\"100\" data-end=\"133\">Taille ouverte avec bande \u00e9lastique<\/p>\n<\/li>\n<li data-section-id=\"j0d6n0\" data-start=\"134\" data-end=\"155\">\n<p data-start=\"136\" data-end=\"155\">Logos r\u00e9fl\u00e9chissants<\/p>\n<\/li>\n<\/ul>\n<p data-start=\"157\" data-end=\"172\"><strong data-start=\"157\" data-end=\"172\">Description<\/strong><\/p>\n<p data-start=\"174\" data-end=\"299\">Le <strong data-start=\"177\" data-end=\"215\">short le plus technique de la collection<\/strong>, con\u00e7u pour la <strong data-start=\"234\" data-end=\"251\">randonn\u00e9e estivale<\/strong> et les activit\u00e9s de plein air lors des journ\u00e9es les plus chaudes.<\/p>\n<p data-start=\"301\" data-end=\"467\">Il est fabriqu\u00e9 en <strong data-start=\"317\" data-end=\"339\">tissu Lite-Guard<\/strong>, qui allie <strong data-start=\"353\" data-end=\"406\">respirabilit\u00e9, \u00e9lasticit\u00e9 et protection contre le vent<\/strong>, offrant confort et libert\u00e9 de mouvement pendant l\u2019activit\u00e9.<\/p>\n<p data-start=\"469\" data-end=\"737\">Le design est <strong data-start=\"481\" data-end=\"509\">essentiel et minimaliste<\/strong>, encore am\u00e9lior\u00e9 par des finitions esth\u00e9tiques sur le c\u00f4t\u00e9 et l\u2019ourlet coll\u00e9. L\u2019ourlet arrondi avec <strong data-start=\"621\" data-end=\"656\">fente lat\u00e9rale superpos\u00e9e<\/strong> contribue \u00e0 am\u00e9liorer la mobilit\u00e9 et donne au v\u00eatement un look sportif et moderne. <\/p>\n<p data-start=\"739\" data-end=\"972\" data-is-last-node=\"\" data-is-only-node=\"\">La <strong data-start=\"742\" data-end=\"802\">taille ouverte avec zip invisible et bouton plat cach\u00e9<\/strong> garantit une coupe pr\u00e9cise et un grand confort. Les <strong data-start=\"863\" data-end=\"897\">deux poches repose-mains zipp\u00e9es<\/strong> compl\u00e8tent le v\u00eatement, le rendant pratique et fonctionnel lors des randonn\u00e9es. <\/p>\n<\/div>\n<\/div>\n<\/div>\n<\/div>\n<div class=\"mt-3 w-full empty:hidden\">\n<div class=\"text-center\">\n<div class=\"flex flex-col text-sm pb-25\">\n<article class=\"text-token-text-primary w-full focus:outline-none [--shadow-height:45px] has-data-writing-block:pointer-events-none has-data-writing-block:-mt-(--shadow-height) has-data-writing-block:pt-(--shadow-height) [&amp;:has([data-writing-block])&gt;*]:pointer-events-auto scroll-mt-[calc(var(--header-height)+min(200px,max(70px,20svh)))]\" dir=\"auto\" tabindex=\"-1\" data-turn-id=\"request-WEB:1bed4a84-83c6-41f3-9b56-1bead705c779-2\" data-testid=\"conversation-turn-6\" data-scroll-anchor=\"true\" data-turn=\"assistant\">\n<div class=\"text-base my-auto mx-auto pb-10 [--thread-content-margin:var(--thread-content-margin-xs,calc(var(--spacing)*4))] @w-sm\/main:[--thread-content-margin:var(--thread-content-margin-sm,calc(var(--spacing)*6))] @w-lg\/main:[--thread-content-margin:var(--thread-content-margin-lg,calc(var(--spacing)*16))] px-(--thread-content-margin)\">\n<div class=\"[--thread-content-max-width:40rem] @w-lg\/main:[--thread-content-max-width:48rem] mx-auto max-w-(--thread-content-max-width) flex-1 group\/turn-messages focus-visible:outline-hidden relative flex w-full min-w-0 flex-col agent-turn\" tabindex=\"-1\">\n<div class=\"mt-3 w-full empty:hidden\">\n<div class=\"text-center\"><\/div>\n<\/div>\n<\/div>\n<\/div>\n<\/article>\n<\/div>\n<div class=\"pointer-events-none h-px w-px absolute bottom-0\" aria-hidden=\"true\" data-edge=\"true\"><\/div>\n<\/div>\n<\/div>\n<\/div>\n<\/div>\n<\/article>\n<\/div>\n<div class=\"pointer-events-none h-px w-px absolute bottom-0\" aria-hidden=\"true\" data-edge=\"true\"><\/div>\n","protected":false},"excerpt":{"rendered":"<p>Caract\u00e9ristiques Poches repose-mains avec fermeture \u00e9clair Coutures contrast\u00e9es Taille ouverte avec bande \u00e9lastique Logos r\u00e9fl\u00e9chissants Description Le short le plus<\/p>\n","protected":false},"featured_media":804692,"template":"","meta":{"_seopress_robots_primary_cat":"none","_seopress_titles_title":"","_seopress_titles_desc":"","_seopress_robots_index":""},"product_brand":[3616],"product_cat":[81,981,1387],"product_tag":[],"class_list":{"0":"post-804691","1":"product","2":"type-product","3":"status-publish","4":"has-post-thumbnail","6":"product_brand-crazy-fr","7":"product_cat-vetements","8":"product_cat-vetements-de-loisirs","9":"product_cat-vetements-pour-femmes","10":"sws-gruppo-abb-libero-fr","11":"sws-conto-ricavi-merci-rivendita-abbigliamento-fr","12":"sws-gruppo-iva-iva81-fr","14":"first","15":"instock","16":"sale","17":"shipping-taxable","18":"purchasable","19":"product-type-variable","20":"has-default-attributes"},"_links":{"self":[{"href":"https:\/\/lucacastelli.com\/fr\/wp-json\/wp\/v2\/product\/804691","targetHints":{"allow":["GET"]}}],"collection":[{"href":"https:\/\/lucacastelli.com\/fr\/wp-json\/wp\/v2\/product"}],"about":[{"href":"https:\/\/lucacastelli.com\/fr\/wp-json\/wp\/v2\/types\/product"}],"wp:featuredmedia":[{"embeddable":true,"href":"https:\/\/lucacastelli.com\/fr\/wp-json\/wp\/v2\/media\/804692"}],"wp:attachment":[{"href":"https:\/\/lucacastelli.com\/fr\/wp-json\/wp\/v2\/media?parent=804691"}],"wp:term":[{"taxonomy":"product_brand","embeddable":true,"href":"https:\/\/lucacastelli.com\/fr\/wp-json\/wp\/v2\/product_brand?post=804691"},{"taxonomy":"product_cat","embeddable":true,"href":"https:\/\/lucacastelli.com\/fr\/wp-json\/wp\/v2\/product_cat?post=804691"},{"taxonomy":"product_tag","embeddable":true,"href":"https:\/\/lucacastelli.com\/fr\/wp-json\/wp\/v2\/product_tag?post=804691"}],"curies":[{"name":"wp","href":"https:\/\/api.w.org\/{rel}","templated":true}]}}

<div class="flex flex-col text-sm pb-25">
<article class="text-token-text-primary w-full focus:outline-none [--shadow-height:45px] has-data-writing-block:pointer-events-none has-data-writing-block:-mt-(--shadow-height) has-data-writing-block:pt-(--shadow-height) [&amp;:has([data-writing-block])&gt;*]:pointer-events-auto scroll-mt-[calc(var(--header-height)+min(200px,max(70px,20svh)))]" dir="auto" tabindex="-1" data-turn-id="request-WEB:dca93298-70f8-4659-a80a-ea8e5cc65860-17" data-testid="conversation-turn-36" data-scroll-anchor="true" data-turn="assistant">
<div class="text-base my-auto mx-auto pb-10 [--thread-content-margin:var(--thread-content-margin-xs,calc(var(--spacing)*4))] @w-sm/main:[--thread-content-margin:var(--thread-content-margin-sm,calc(var(--spacing)*6))] @w-lg/main:[--thread-content-margin:var(--thread-content-margin-lg,calc(var(--spacing)*16))] px-(--thread-content-margin)">
<div class="[--thread-content-max-width:40rem] @w-lg/main:[--thread-content-max-width:48rem] mx-auto max-w-(--thread-content-max-width) flex-1 group/turn-messages focus-visible:outline-hidden relative flex w-full min-w-0 flex-col agent-turn" tabindex="-1">
<div class="flex max-w-full flex-col gap-4 grow">
<div class="min-h-8 text-message relative flex w-full flex-col items-end gap-2 text-start break-words whitespace-normal [.text-message+&amp;]:mt-1" dir="auto" data-message-author-role="assistant" data-message-id="ed0d4022-cf12-4c88-b976-f4d035ee0323" data-message-model-slug="gpt-5-3">
<div class="flex w-full flex-col gap-1 empty:hidden">
<div class="markdown prose dark:prose-invert w-full wrap-break-word light markdown-new-styling">
<p data-start="0" data-end="19"><strong data-start="0" data-end="19">Caractéristiques</strong></p>
<ul data-start="21" data-end="155">
<li data-section-id="14s42v" data-start="21" data-end="62">
<p data-start="23" data-end="62">Poches repose-mains avec fermeture éclair</p>
</li>
<li data-section-id="tc1qzf" data-start="63" data-end="97">
<p data-start="65" data-end="97">Coutures contrastées</p>
</li>
<li data-section-id="1dwu5ag" data-start="98" data-end="133">
<p data-start="100" data-end="133">Taille ouverte avec bande élastique</p>
</li>
<li data-section-id="j0d6n0" data-start="134" data-end="155">
<p data-start="136" data-end="155">Logos réfléchissants</p>
</li>
</ul>
<p data-start="157" data-end="172"><strong data-start="157" data-end="172">Description</strong></p>
<p data-start="174" data-end="299">Le <strong data-start="177" data-end="215">short le plus technique de la collection</strong>, conçu pour la <strong data-start="234" data-end="251">randonnée estivale</strong> et les activités de plein air lors des journées les plus chaudes.</p>
<p data-start="301" data-end="467">Il est fabriqué en <strong data-start="317" data-end="339">tissu Lite-Guard</strong>, qui allie <strong data-start="353" data-end="406">respirabilité, élasticité et protection contre le vent</strong>, offrant confort et liberté de mouvement pendant l’activité.</p>
<p data-start="469" data-end="737">Le design est <strong data-start="481" data-end="509">essentiel et minimaliste</strong>, encore amélioré par des finitions esthétiques sur le côté et l’ourlet collé. L’ourlet arrondi avec <strong data-start="621" data-end="656">fente latérale superposée</strong> contribue à améliorer la mobilité et donne au vêtement un look sportif et moderne. </p>
<p data-start="739" data-end="972" data-is-last-node="" data-is-only-node="">La <strong data-start="742" data-end="802">taille ouverte avec zip invisible et bouton plat caché</strong> garantit une coupe précise et un grand confort. Les <strong data-start="863" data-end="897">deux poches repose-mains zippées</strong> complètent le vêtement, le rendant pratique et fonctionnel lors des randonnées. </p>
</div>
</div>
</div>
</div>
<div class="mt-3 w-full empty:hidden">
<div class="text-center">
<div class="flex flex-col text-sm pb-25">
<article class="text-token-text-primary w-full focus:outline-none [--shadow-height:45px] has-data-writing-block:pointer-events-none has-data-writing-block:-mt-(--shadow-height) has-data-writing-block:pt-(--shadow-height) [&amp;:has([data-writing-block])&gt;*]:pointer-events-auto scroll-mt-[calc(var(--header-height)+min(200px,max(70px,20svh)))]" dir="auto" tabindex="-1" data-turn-id="request-WEB:1bed4a84-83c6-41f3-9b56-1bead705c779-2" data-testid="conversation-turn-6" data-scroll-anchor="true" data-turn="assistant">
<div class="text-base my-auto mx-auto pb-10 [--thread-content-margin:var(--thread-content-margin-xs,calc(var(--spacing)*4))] @w-sm/main:[--thread-content-margin:var(--thread-content-margin-sm,calc(var(--spacing)*6))] @w-lg/main:[--thread-content-margin:var(--thread-content-margin-lg,calc(var(--spacing)*16))] px-(--thread-content-margin)">
<div class="[--thread-content-max-width:40rem] @w-lg/main:[--thread-content-max-width:48rem] mx-auto max-w-(--thread-content-max-width) flex-1 group/turn-messages focus-visible:outline-hidden relative flex w-full min-w-0 flex-col agent-turn" tabindex="-1">
<div class="mt-3 w-full empty:hidden">
<div class="text-center"></div>
</div>
</div>
</div>
</article>
</div>
<div class="pointer-events-none h-px w-px absolute bottom-0" aria-hidden="true" data-edge="true"></div>
</div>
</div>
</div>
</div>
</article>
</div>
<div class="pointer-events-none h-px w-px absolute bottom-0" aria-hidden="true" data-edge="true"></div>

<p>Caractéristiques Poches repose-mains avec fermeture éclair Coutures contrastées Taille ouverte avec bande élastique Logos réfléchissants Description Le short le plus</p>
