{"id":797720,"date":"2026-03-14T14:14:41","date_gmt":"2026-03-14T13:14:41","guid":{"rendered":"https:\/\/lucacastelli.com\/?post_type=product&#038;p=797720"},"modified":"2026-03-14T14:57:59","modified_gmt":"2026-03-14T13:57:59","slug":"short-helly-hansen-thalia-2-0-junior-copia","status":"publish","type":"product","link":"https:\/\/lucacastelli.com\/fr\/produit\/short-helly-hansen-thalia-2-0-junior-copia\/","title":{"rendered":"Short Vidda Helly Hansen pour junior"},"content":{"rendered":"<div class=\"productDetailsSection_productDescriptionSection__FDg0y\">\n<div class=\"productDescription_productDescription__sJIE6\" data-mt-type=\"product-description\">\n<div class=\"richtext_wrapper__3MzTU productDescription_productDescriptionContent__0A3VB\">Nos shorts Vidda pour junior sont id\u00e9aux pour la randonn\u00e9e et dautres aventures en plein air par temps chaud. Ils sont dot\u00e9s de panneaux extensibles au niveau du fessier pour garantir une libert\u00e9 de mouvement maximale, ainsi que dune taille \u00e9lastiqu\u00e9e et r\u00e9glable pour un confort optimal. <\/div>\n<\/div>\n<\/div>\n<div><\/div>\n<div>Composition : Ext\u00e9rieur : 41 % polyester (recycl\u00e9), 37 % polyester, 22 % coton &#8211; Ext\u00e9rieur 2 : 47 % polyamide (recycl\u00e9), 41 % polyamide, 12 % \u00e9lasthanne<\/div>\n","protected":false},"excerpt":{"rendered":"<p>Nos shorts Vidda pour junior sont id\u00e9aux pour la randonn\u00e9e et dautres aventures en plein air par temps chaud. Ils<\/p>\n","protected":false},"featured_media":797774,"template":"","meta":{"_seopress_robots_primary_cat":"none","_seopress_titles_title":"","_seopress_titles_desc":"","_seopress_robots_index":""},"product_brand":[3646],"product_cat":[81,981,1384],"product_tag":[],"class_list":{"0":"post-797720","1":"product","2":"type-product","3":"status-publish","4":"has-post-thumbnail","6":"product_brand-helly-hansen-fr","7":"product_cat-vetements","8":"product_cat-vetements-de-loisirs","9":"product_cat-vetements-pour-enfants","10":"sws-gruppo-abb-libero-fr","11":"sws-conto-ricavi-merci-rivendita-abbigliamento-fr","12":"sws-gruppo-iva-iva81-fr","14":"first","15":"instock","16":"shipping-taxable","17":"purchasable","18":"product-type-variable","19":"has-default-attributes"},"_links":{"self":[{"href":"https:\/\/lucacastelli.com\/fr\/wp-json\/wp\/v2\/product\/797720","targetHints":{"allow":["GET"]}}],"collection":[{"href":"https:\/\/lucacastelli.com\/fr\/wp-json\/wp\/v2\/product"}],"about":[{"href":"https:\/\/lucacastelli.com\/fr\/wp-json\/wp\/v2\/types\/product"}],"wp:featuredmedia":[{"embeddable":true,"href":"https:\/\/lucacastelli.com\/fr\/wp-json\/wp\/v2\/media\/797774"}],"wp:attachment":[{"href":"https:\/\/lucacastelli.com\/fr\/wp-json\/wp\/v2\/media?parent=797720"}],"wp:term":[{"taxonomy":"product_brand","embeddable":true,"href":"https:\/\/lucacastelli.com\/fr\/wp-json\/wp\/v2\/product_brand?post=797720"},{"taxonomy":"product_cat","embeddable":true,"href":"https:\/\/lucacastelli.com\/fr\/wp-json\/wp\/v2\/product_cat?post=797720"},{"taxonomy":"product_tag","embeddable":true,"href":"https:\/\/lucacastelli.com\/fr\/wp-json\/wp\/v2\/product_tag?post=797720"}],"curies":[{"name":"wp","href":"https:\/\/api.w.org\/{rel}","templated":true}]}}

<div class="productDetailsSection_productDescriptionSection__FDg0y">
<div class="productDescription_productDescription__sJIE6" data-mt-type="product-description">
<div class="richtext_wrapper__3MzTU productDescription_productDescriptionContent__0A3VB">Nos shorts Vidda pour junior sont idéaux pour la randonnée et dautres aventures en plein air par temps chaud. Ils sont dotés de panneaux extensibles au niveau du fessier pour garantir une liberté de mouvement maximale, ainsi que dune taille élastiquée et réglable pour un confort optimal. </div>
</div>
</div>
<div></div>
<div>Composition : Extérieur : 41 % polyester (recyclé), 37 % polyester, 22 % coton &#8211; Extérieur 2 : 47 % polyamide (recyclé), 41 % polyamide, 12 % élasthanne</div>

<p>Nos shorts Vidda pour junior sont idéaux pour la randonnée et dautres aventures en plein air par temps chaud. Ils</p>
