{"id":885733,"date":"2026-08-17T15:08:53","date_gmt":"2026-08-17T13:08:53","guid":{"rendered":"https:\/\/lucacastelli.com\/prodotto\/filtro-gas-moldex-a2-marrone-per-serie-7000-e-9000-protezione-gas-organici-2\/"},"modified":"2026-09-02T15:49:58","modified_gmt":"2026-09-02T13:49:58","slug":"filtro-gas-moldex-a2-marrone-per-serie-7000-e-9000-protezione-gas-organici-2","status":"publish","type":"product","link":"https:\/\/lucacastelli.com\/en\/product\/filtro-gas-moldex-a2-marrone-per-serie-7000-e-9000-protezione-gas-organici-2\/","title":{"rendered":"Filtro gas MOLDEX A2 marrone per serie 7000 e 9000 protezione gas organici"},"content":{"rendered":"<p>Filtro gas A2 per semimaschere e maschere integrali MOLDEX delle serie 7000 e 9000 Questo filtro gas di classe di protezione A2 offre una protezione efficace contro gas e vapori organici. \u00c8 appositamente concepito come accessorio per le semimaschere MOLDEX serie 7000 (nelle taglie da S a L) e per le maschere integrali MOLDEX serie 9000 (anch\u2019esse nelle taglie da S a L). Il filtro \u00e8 identificato dal colore marrone e soddisfa i requisiti della normativa EN 141 nonch\u00e9 le direttive CE. Informazioni su MOLDEX MOLDEX \u00e8 un produttore rinomato nel settore delle tecnologie di protezione respiratoria, noto per prodotti di alta qualit\u00e0 che combinano sicurezza e comfort. Con soluzioni innovative e rigorosi standard qualitativi, MOLDEX offre protezione affidabile per utenti professionali in tutto il mondo.<br \/>\npezzo<br \/>\nMOLDEX<\/p>\n<p>7610622532402<\/p>\n","protected":false},"excerpt":{"rendered":"<p>Filtro gas A2 per semimaschere e maschere integrali MOLDEX delle serie 7000 e 9000 Questo filtro gas di classe di<\/p>\n","protected":false},"featured_media":885734,"template":"","meta":{"_seopress_robots_primary_cat":"","_seopress_titles_title":"","_seopress_titles_desc":"","_seopress_robots_index":""},"product_brand":[7884],"product_cat":[21,33,537,817,816],"product_tag":[],"class_list":{"0":"post-885733","1":"product","2":"type-product","3":"status-publish","4":"has-post-thumbnail","6":"product_brand-thomi","7":"product_cat-abbigliamento","8":"product_cat-attrezzature","9":"product_cat-attrezzatura-da-lavoro","10":"product_cat-caschi-attrezzatura-per-il-tempo-libero","11":"product_cat-visiere-e-occhiali-protettivi","12":"sws-gruppo-no-gruppo","13":"sws-gruppo-iva-iva81","15":"first","16":"instock","17":"shipping-taxable","18":"purchasable","19":"product-type-simple"},"_links":{"self":[{"href":"https:\/\/lucacastelli.com\/en\/wp-json\/wp\/v2\/product\/885733","targetHints":{"allow":["GET"]}}],"collection":[{"href":"https:\/\/lucacastelli.com\/en\/wp-json\/wp\/v2\/product"}],"about":[{"href":"https:\/\/lucacastelli.com\/en\/wp-json\/wp\/v2\/types\/product"}],"wp:featuredmedia":[{"embeddable":true,"href":"https:\/\/lucacastelli.com\/en\/wp-json\/wp\/v2\/media\/885734"}],"wp:attachment":[{"href":"https:\/\/lucacastelli.com\/en\/wp-json\/wp\/v2\/media?parent=885733"}],"wp:term":[{"taxonomy":"product_brand","embeddable":true,"href":"https:\/\/lucacastelli.com\/en\/wp-json\/wp\/v2\/product_brand?post=885733"},{"taxonomy":"product_cat","embeddable":true,"href":"https:\/\/lucacastelli.com\/en\/wp-json\/wp\/v2\/product_cat?post=885733"},{"taxonomy":"product_tag","embeddable":true,"href":"https:\/\/lucacastelli.com\/en\/wp-json\/wp\/v2\/product_tag?post=885733"}],"curies":[{"name":"wp","href":"https:\/\/api.w.org\/{rel}","templated":true}]}}

<p>Filtro gas A2 per semimaschere e maschere integrali MOLDEX delle serie 7000 e 9000 Questo filtro gas di classe di protezione A2 offre una protezione efficace contro gas e vapori organici. È appositamente concepito come accessorio per le semimaschere MOLDEX serie 7000 (nelle taglie da S a L) e per le maschere integrali MOLDEX serie 9000 (anch’esse nelle taglie da S a L). Il filtro è identificato dal colore marrone e soddisfa i requisiti della normativa EN 141 nonché le direttive CE. Informazioni su MOLDEX MOLDEX è un produttore rinomato nel settore delle tecnologie di protezione respiratoria, noto per prodotti di alta qualità che combinano sicurezza e comfort. Con soluzioni innovative e rigorosi standard qualitativi, MOLDEX offre protezione affidabile per utenti professionali in tutto il mondo.<br />
pezzo<br />
MOLDEX</p>
<p>7610622532402</p>
