{"id":884402,"date":"2026-08-17T14:18:43","date_gmt":"2026-08-17T12:18:43","guid":{"rendered":"https:\/\/lucacastelli.com\/prodotto\/3m-cuscinetto-frontale-di-ricambio-per-visiera-facciale-m-957-e-m206-2\/"},"modified":"2026-09-02T15:48:12","modified_gmt":"2026-09-02T13:48:12","slug":"3m-cuscinetto-frontale-di-ricambio-per-visiera-facciale-m-957-e-m206-2","status":"publish","type":"product","link":"https:\/\/lucacastelli.com\/en\/product\/3m-cuscinetto-frontale-di-ricambio-per-visiera-facciale-m-957-e-m206-2\/","title":{"rendered":"3M Cuscinetto frontale di ricambio per visiera facciale M-957 e M206"},"content":{"rendered":"<p>Cuscinetto frontale di ricambio per 3M M-957  Questo cuscinetto frontale serve come ricambio adatto per la visiera del dispositivo di protezione delle vie respiratorie 3M M206. Garantisce un comfort ottimale durante l\u2019uso e una calzata sicura. Il cuscinetto \u00e8 stato sviluppato specificamente per la protezione facciale 3M M206 e pu\u00f2 essere sostituito facilmente per prolungare la durata della visiera di protezione.  Informazioni su 3M:  3M \u00e8 un\u2019azienda tecnologica operante a livello mondiale, nota per le sue soluzioni innovative nel settore della sicurezza sul lavoro. Con elevata qualit\u00e0 e design orientato alla pratica, 3M stabilisce da decenni standard di riferimento per prodotti di protezione.<br \/>\npezzo<br \/>\n3M <\/p>\n<p>7610622560047<\/p>\n<p>8<\/p>\n","protected":false},"excerpt":{"rendered":"<p>Cuscinetto frontale di ricambio per 3M M-957 Questo cuscinetto frontale serve come ricambio adatto per la visiera del dispositivo di<\/p>\n","protected":false},"featured_media":884404,"template":"","meta":{"_seopress_robots_primary_cat":"","_seopress_titles_title":"","_seopress_titles_desc":"","_seopress_robots_index":""},"product_brand":[7884],"product_cat":[21,33,537,817,816],"product_tag":[],"class_list":{"0":"post-884402","1":"product","2":"type-product","3":"status-publish","4":"has-post-thumbnail","6":"product_brand-thomi","7":"product_cat-abbigliamento","8":"product_cat-attrezzature","9":"product_cat-attrezzatura-da-lavoro","10":"product_cat-caschi-attrezzatura-per-il-tempo-libero","11":"product_cat-visiere-e-occhiali-protettivi","12":"sws-gruppo-no-gruppo","13":"sws-gruppo-iva-iva81","15":"first","16":"instock","17":"shipping-taxable","18":"purchasable","19":"product-type-simple"},"_links":{"self":[{"href":"https:\/\/lucacastelli.com\/en\/wp-json\/wp\/v2\/product\/884402","targetHints":{"allow":["GET"]}}],"collection":[{"href":"https:\/\/lucacastelli.com\/en\/wp-json\/wp\/v2\/product"}],"about":[{"href":"https:\/\/lucacastelli.com\/en\/wp-json\/wp\/v2\/types\/product"}],"wp:featuredmedia":[{"embeddable":true,"href":"https:\/\/lucacastelli.com\/en\/wp-json\/wp\/v2\/media\/884404"}],"wp:attachment":[{"href":"https:\/\/lucacastelli.com\/en\/wp-json\/wp\/v2\/media?parent=884402"}],"wp:term":[{"taxonomy":"product_brand","embeddable":true,"href":"https:\/\/lucacastelli.com\/en\/wp-json\/wp\/v2\/product_brand?post=884402"},{"taxonomy":"product_cat","embeddable":true,"href":"https:\/\/lucacastelli.com\/en\/wp-json\/wp\/v2\/product_cat?post=884402"},{"taxonomy":"product_tag","embeddable":true,"href":"https:\/\/lucacastelli.com\/en\/wp-json\/wp\/v2\/product_tag?post=884402"}],"curies":[{"name":"wp","href":"https:\/\/api.w.org\/{rel}","templated":true}]}}

<p>Cuscinetto frontale di ricambio per 3M M-957  Questo cuscinetto frontale serve come ricambio adatto per la visiera del dispositivo di protezione delle vie respiratorie 3M M206. Garantisce un comfort ottimale durante l’uso e una calzata sicura. Il cuscinetto è stato sviluppato specificamente per la protezione facciale 3M M206 e può essere sostituito facilmente per prolungare la durata della visiera di protezione.  Informazioni su 3M:  3M è un’azienda tecnologica operante a livello mondiale, nota per le sue soluzioni innovative nel settore della sicurezza sul lavoro. Con elevata qualità e design orientato alla pratica, 3M stabilisce da decenni standard di riferimento per prodotti di protezione.<br />
pezzo<br />
3M </p>
<p>7610622560047</p>
<p>8</p>
