{"id":884124,"date":"2026-08-17T14:08:19","date_gmt":"2026-08-17T12:08:19","guid":{"rendered":"https:\/\/lucacastelli.com\/prodotto\/lozione-detergente-per-la-pelle-greven-mild-250-ml-senza-profumo-ristrutturante-2\/"},"modified":"2026-09-02T21:50:25","modified_gmt":"2026-09-02T19:50:25","slug":"lozione-detergente-per-la-pelle-greven-mild-250-ml-senza-profumo-ristrutturante-2","status":"publish","type":"product","link":"https:\/\/lucacastelli.com\/en\/product\/lozione-detergente-per-la-pelle-greven-mild-250-ml-senza-profumo-ristrutturante-2\/","title":{"rendered":"Lozione detergente per la pelle GREVEN Mild 250 ml, senza profumo, ristrutturante"},"content":{"rendered":"<p>Lozione detergente per la pelle GREVEN SOFT K, 250 ml  La lozione detergente per la pelle GREVEN SOFT K \u00e8 stata sviluppata appositamente per le esigenze del settore alimentare. Questa lozione delicata, senza profumo, deterge la pelle in modo delicato ed \u00e8 priva di sapone. Grazie alle sue propriet\u00e0 reidratanti, assicura una sensazione di pelle piacevole e protegge dal seccarsi. La lozione \u00e8 priva di coloranti ed \u00e8 ottimale per la pulizia quotidiana. Disponibile in una pratica bottiglia da 250 ml.  Informazioni sul produttore GREVEN  GREVEN \u00e8 un fornitore affermato nel campo della cura professionale della pelle e dei prodotti per l&#8217;igiene. L&#8217;azienda pone grande attenzione allo sviluppo di prodotti efficaci e compatibili con la pelle, specificamente adattati alle esigenze di diversi settori. Con una lunga esperienza, GREVEN garantisce alta qualit\u00e0 e affidabilit\u00e0.<br \/>\npezzo<br \/>\nGREVEN<\/p>\n<p>7610622539722<\/p>\n","protected":false},"excerpt":{"rendered":"<p>Lozione detergente per la pelle GREVEN SOFT K, 250 ml La lozione detergente per la pelle GREVEN SOFT K \u00e8<\/p>\n","protected":false},"featured_media":884125,"template":"","meta":{"_seopress_robots_primary_cat":"","_seopress_titles_title":"","_seopress_titles_desc":"","_seopress_robots_index":""},"product_brand":[7884],"product_cat":[29,517],"product_tag":[],"class_list":{"0":"post-884124","1":"product","2":"type-product","3":"status-publish","4":"has-post-thumbnail","6":"product_brand-thomi","7":"product_cat-macchinari","8":"product_cat-aspiratori-per-la-pulizia","9":"sws-gruppo-no-gruppo","10":"sws-gruppo-iva-iva81","12":"first","13":"instock","14":"shipping-taxable","15":"purchasable","16":"product-type-simple"},"_links":{"self":[{"href":"https:\/\/lucacastelli.com\/en\/wp-json\/wp\/v2\/product\/884124","targetHints":{"allow":["GET"]}}],"collection":[{"href":"https:\/\/lucacastelli.com\/en\/wp-json\/wp\/v2\/product"}],"about":[{"href":"https:\/\/lucacastelli.com\/en\/wp-json\/wp\/v2\/types\/product"}],"wp:featuredmedia":[{"embeddable":true,"href":"https:\/\/lucacastelli.com\/en\/wp-json\/wp\/v2\/media\/884125"}],"wp:attachment":[{"href":"https:\/\/lucacastelli.com\/en\/wp-json\/wp\/v2\/media?parent=884124"}],"wp:term":[{"taxonomy":"product_brand","embeddable":true,"href":"https:\/\/lucacastelli.com\/en\/wp-json\/wp\/v2\/product_brand?post=884124"},{"taxonomy":"product_cat","embeddable":true,"href":"https:\/\/lucacastelli.com\/en\/wp-json\/wp\/v2\/product_cat?post=884124"},{"taxonomy":"product_tag","embeddable":true,"href":"https:\/\/lucacastelli.com\/en\/wp-json\/wp\/v2\/product_tag?post=884124"}],"curies":[{"name":"wp","href":"https:\/\/api.w.org\/{rel}","templated":true}]}}

<p>Lozione detergente per la pelle GREVEN SOFT K, 250 ml  La lozione detergente per la pelle GREVEN SOFT K è stata sviluppata appositamente per le esigenze del settore alimentare. Questa lozione delicata, senza profumo, deterge la pelle in modo delicato ed è priva di sapone. Grazie alle sue proprietà reidratanti, assicura una sensazione di pelle piacevole e protegge dal seccarsi. La lozione è priva di coloranti ed è ottimale per la pulizia quotidiana. Disponibile in una pratica bottiglia da 250 ml.  Informazioni sul produttore GREVEN  GREVEN è un fornitore affermato nel campo della cura professionale della pelle e dei prodotti per l&#8217;igiene. L&#8217;azienda pone grande attenzione allo sviluppo di prodotti efficaci e compatibili con la pelle, specificamente adattati alle esigenze di diversi settori. Con una lunga esperienza, GREVEN garantisce alta qualità e affidabilità.<br />
pezzo<br />
GREVEN</p>
<p>7610622539722</p>

<p>Lozione detergente per la pelle GREVEN SOFT K, 250 ml La lozione detergente per la pelle GREVEN SOFT K è</p>
