{"id":875614,"date":"2026-08-13T22:31:09","date_gmt":"2026-08-13T20:31:09","guid":{"rendered":"https:\/\/lucacastelli.com\/prodotto\/3m-peltor-g500-protezione-facciale-e-uditiva-con-visiera-pieghevole-gialla-2\/"},"modified":"2026-09-02T15:46:03","modified_gmt":"2026-09-02T13:46:03","slug":"3m-peltor-g500-protezione-facciale-e-uditiva-con-visiera-pieghevole-gialla-2","status":"publish","type":"product","link":"https:\/\/lucacastelli.com\/en\/product\/3m-peltor-g500-protezione-facciale-e-uditiva-con-visiera-pieghevole-gialla-2\/","title":{"rendered":"3M PELTOR G500 Protezione facciale e uditiva con visiera pieghevole gialla"},"content":{"rendered":"<p>Sistema di protezione facciale e per l&#8217;udito 3M PELTOR G500, gialloIl sistema combinato di protezione facciale e per l&#8217;udito 3M PELTOR G500 offre una protezione completa durante lavori impegnativi. \u00c8 composto da una robusta staffa porta-visiera in plastica giallo-nera, dotata di una copertura frontalina ventilata e di una corta visiera protettiva per il viso. La visiera in policarbonato dello spessore di 2 mm \u00e8 ribaltabile, sostituibile e antiappannamento, misura 350 \u00d7 155 mm e garantisce condizioni visive nitide. I paraorecchie integrati di tipo Optime I proteggono in modo ottimale dal rumore. Con un peso di circa 580 g, il sistema \u00e8 confortevole da indossare.Questo sistema di protezione \u00e8 ideale per aree di lavoro in cui sono richiesti sia una visiera facciale sia una protezione per l&#8217;udito, ad esempio nella lavorazione dei metalli, nell&#8217;uso di torni, trapani e piallatrici o per la protezione contro schegge e spruzzi di liquidi. Il design ben studiato consente una semplice sostituzione dei componenti e pu\u00f2 inoltre essere combinato con gli occhiali di protezione per casco 3M PELTOR noti.Norme approvate: EN 166, EN 352, EN 1731, CESu 3M3M \u00e8 un&#8217;azienda leader mondiale nello sviluppo di soluzioni innovative per la protezione. Con decenni di esperienza, 3M garantisce i pi\u00f9 elevati standard di sicurezza e combina funzionalit\u00e0 con design moderno. I prodotti di alta qualit\u00e0 di 3M sono riconosciuti in numerosi settori per la loro affidabilit\u00e0 e durata.<br \/>\npezzo<\/p>\n<p>https:\/\/www.thomi.com\/media\/pdf\/42200_ConformityDeclaration.pdf<\/p>\n<p>7610622554817<\/p>\n","protected":false},"excerpt":{"rendered":"<p>Sistema di protezione facciale e per l&#8217;udito 3M PELTOR G500, gialloIl sistema combinato di protezione facciale e per l&#8217;udito 3M<\/p>\n","protected":false},"featured_media":875615,"template":"","meta":{"_seopress_robots_primary_cat":"","_seopress_titles_title":"","_seopress_titles_desc":"","_seopress_robots_index":""},"product_brand":[7884],"product_cat":[33,537,817,816],"product_tag":[],"class_list":{"0":"post-875614","1":"product","2":"type-product","3":"status-publish","4":"has-post-thumbnail","6":"product_brand-thomi","7":"product_cat-attrezzature","8":"product_cat-attrezzatura-da-lavoro","9":"product_cat-caschi-attrezzatura-per-il-tempo-libero","10":"product_cat-visiere-e-occhiali-protettivi","11":"sws-gruppo-no-gruppo","12":"sws-gruppo-iva-iva81","14":"first","15":"instock","16":"shipping-taxable","17":"purchasable","18":"product-type-simple"},"_links":{"self":[{"href":"https:\/\/lucacastelli.com\/en\/wp-json\/wp\/v2\/product\/875614","targetHints":{"allow":["GET"]}}],"collection":[{"href":"https:\/\/lucacastelli.com\/en\/wp-json\/wp\/v2\/product"}],"about":[{"href":"https:\/\/lucacastelli.com\/en\/wp-json\/wp\/v2\/types\/product"}],"wp:featuredmedia":[{"embeddable":true,"href":"https:\/\/lucacastelli.com\/en\/wp-json\/wp\/v2\/media\/875615"}],"wp:attachment":[{"href":"https:\/\/lucacastelli.com\/en\/wp-json\/wp\/v2\/media?parent=875614"}],"wp:term":[{"taxonomy":"product_brand","embeddable":true,"href":"https:\/\/lucacastelli.com\/en\/wp-json\/wp\/v2\/product_brand?post=875614"},{"taxonomy":"product_cat","embeddable":true,"href":"https:\/\/lucacastelli.com\/en\/wp-json\/wp\/v2\/product_cat?post=875614"},{"taxonomy":"product_tag","embeddable":true,"href":"https:\/\/lucacastelli.com\/en\/wp-json\/wp\/v2\/product_tag?post=875614"}],"curies":[{"name":"wp","href":"https:\/\/api.w.org\/{rel}","templated":true}]}}

<p>Sistema di protezione facciale e per l&#8217;udito 3M PELTOR G500, gialloIl sistema combinato di protezione facciale e per l&#8217;udito 3M PELTOR G500 offre una protezione completa durante lavori impegnativi. È composto da una robusta staffa porta-visiera in plastica giallo-nera, dotata di una copertura frontalina ventilata e di una corta visiera protettiva per il viso. La visiera in policarbonato dello spessore di 2 mm è ribaltabile, sostituibile e antiappannamento, misura 350 × 155 mm e garantisce condizioni visive nitide. I paraorecchie integrati di tipo Optime I proteggono in modo ottimale dal rumore. Con un peso di circa 580 g, il sistema è confortevole da indossare.Questo sistema di protezione è ideale per aree di lavoro in cui sono richiesti sia una visiera facciale sia una protezione per l&#8217;udito, ad esempio nella lavorazione dei metalli, nell&#8217;uso di torni, trapani e piallatrici o per la protezione contro schegge e spruzzi di liquidi. Il design ben studiato consente una semplice sostituzione dei componenti e può inoltre essere combinato con gli occhiali di protezione per casco 3M PELTOR noti.Norme approvate: EN 166, EN 352, EN 1731, CESu 3M3M è un&#8217;azienda leader mondiale nello sviluppo di soluzioni innovative per la protezione. Con decenni di esperienza, 3M garantisce i più elevati standard di sicurezza e combina funzionalità con design moderno. I prodotti di alta qualità di 3M sono riconosciuti in numerosi settori per la loro affidabilità e durata.<br />
pezzo</p>
<p>https://www.thomi.com/media/pdf/42200_ConformityDeclaration.pdf</p>
<p>7610622554817</p>
