{"id":899219,"date":"2026-09-03T14:54:43","date_gmt":"2026-09-03T12:54:43","guid":{"rendered":"https:\/\/lucacastelli.com\/prodotto\/stihl-solar-lichterkette-chainsaw\/"},"modified":"2026-09-03T14:54:43","modified_gmt":"2026-09-03T12:54:43","slug":"stihl-solar-lichterkette-chainsaw","status":"publish","type":"product","link":"https:\/\/lucacastelli.com\/de\/produkt\/stihl-solar-lichterkette-chainsaw\/","title":{"rendered":"STIHL Solar-Lichterkette CHAINSAW"},"content":{"rendered":"<h2 class=\"product-details__title\">Solar-Lichterkette CHAINSAW<\/h2>\n<div class=\"product-details__description richtexteditor\">\n<p>Mit dieser STIHL Solar-Lichterkette mit 16 LED-Lampen in Form einer STIHL-Motors\u00e4ge erstrahlt der Garten in durchscheinendem orangefarbenem Licht. Mit einer Gesamtl\u00e4nge von ca. 5 m l\u00e4sst sich die solarbetriebene Lichterkette einfach an Str\u00e4uchern, kleinen B\u00e4umen oder auf der Terrasse anbringen. Hinweis: Die Lichterkette ist als Stimmungslicht konzipiert und ausschlie\u00dflich f\u00fcr dekorative Zwecke bestimmt \u2013 sie ist nicht f\u00fcr funktionale Beleuchtung geeignet. Das Material ist sowohl f\u00fcr den Innen- als auch f\u00fcr den Au\u00dfenbereich geeignet.<br \/>\nTechnische Daten: NiMH-Akku: 300 mAh, Ladezeit: 6\u20138 Stunden, Betriebsdauer: 8\u201310 Stunden, Modus: Dauerlicht. Abmessungen: Gesamtl\u00e4nge ca. 5 m, 2 m vom Solarpanel bis zum ersten Licht, 20 cm zwischen zwei Lichtern, Abmessungen eines Lichts: 7 x 1,5 x 3 cm    <\/p>\n<\/div>\n","protected":false},"excerpt":{"rendered":"<p>Solar-Lichterkette CHAINSAW Mit dieser STIHL Solar-Lichterkette mit 16 LED-Lampen in Form einer STIHL-Motors\u00e4ge erstrahlt der Garten in durchscheinendem orangefarbenem Licht.<\/p>\n","protected":false},"featured_media":899027,"template":"","meta":{"_seopress_robots_primary_cat":"","_seopress_titles_title":"","_seopress_titles_desc":"","_seopress_robots_index":""},"product_brand":[3554],"product_cat":[1478],"product_tag":[],"class_list":{"0":"post-899219","1":"product","2":"type-product","3":"status-publish","4":"has-post-thumbnail","6":"product_brand-stihl-de","7":"product_cat-shop-de","8":"sws-gruppo-no-gruppo","9":"sws-conto-ricavi-merci-rivendita-abbigliamento","10":"sws-gruppo-iva-iva81","12":"first","13":"instock","14":"sale","15":"shipping-taxable","16":"purchasable","17":"product-type-simple"},"_links":{"self":[{"href":"https:\/\/lucacastelli.com\/de\/wp-json\/wp\/v2\/product\/899219","targetHints":{"allow":["GET"]}}],"collection":[{"href":"https:\/\/lucacastelli.com\/de\/wp-json\/wp\/v2\/product"}],"about":[{"href":"https:\/\/lucacastelli.com\/de\/wp-json\/wp\/v2\/types\/product"}],"wp:featuredmedia":[{"embeddable":true,"href":"https:\/\/lucacastelli.com\/de\/wp-json\/wp\/v2\/media\/899027"}],"wp:attachment":[{"href":"https:\/\/lucacastelli.com\/de\/wp-json\/wp\/v2\/media?parent=899219"}],"wp:term":[{"taxonomy":"product_brand","embeddable":true,"href":"https:\/\/lucacastelli.com\/de\/wp-json\/wp\/v2\/product_brand?post=899219"},{"taxonomy":"product_cat","embeddable":true,"href":"https:\/\/lucacastelli.com\/de\/wp-json\/wp\/v2\/product_cat?post=899219"},{"taxonomy":"product_tag","embeddable":true,"href":"https:\/\/lucacastelli.com\/de\/wp-json\/wp\/v2\/product_tag?post=899219"}],"curies":[{"name":"wp","href":"https:\/\/api.w.org\/{rel}","templated":true}]}}

<h2 class="product-details__title">Solar-Lichterkette CHAINSAW</h2>
<div class="product-details__description richtexteditor">
<p>Mit dieser STIHL Solar-Lichterkette mit 16 LED-Lampen in Form einer STIHL-Motorsäge erstrahlt der Garten in durchscheinendem orangefarbenem Licht. Mit einer Gesamtlänge von ca. 5 m lässt sich die solarbetriebene Lichterkette einfach an Sträuchern, kleinen Bäumen oder auf der Terrasse anbringen. Hinweis: Die Lichterkette ist als Stimmungslicht konzipiert und ausschließlich für dekorative Zwecke bestimmt – sie ist nicht für funktionale Beleuchtung geeignet. Das Material ist sowohl für den Innen- als auch für den Außenbereich geeignet.<br />
Technische Daten: NiMH-Akku: 300 mAh, Ladezeit: 6–8 Stunden, Betriebsdauer: 8–10 Stunden, Modus: Dauerlicht. Abmessungen: Gesamtlänge ca. 5 m, 2 m vom Solarpanel bis zum ersten Licht, 20 cm zwischen zwei Lichtern, Abmessungen eines Lichts: 7 x 1,5 x 3 cm    </p>
</div>

<p>Solar-Lichterkette CHAINSAW Mit dieser STIHL Solar-Lichterkette mit 16 LED-Lampen in Form einer STIHL-Motorsäge erstrahlt der Garten in durchscheinendem orangefarbenem Licht.</p>
