{"id":885729,"date":"2026-08-17T15:08:42","date_gmt":"2026-08-17T13:08:42","guid":{"rendered":"https:\/\/lucacastelli.com\/prodotto\/filtro-gas-moldex-a1-marrone-per-serie-7000-9000-protezione-contro-gas-organici-2\/"},"modified":"2026-09-02T15:49:58","modified_gmt":"2026-09-02T13:49:58","slug":"filtro-gas-moldex-a1-marrone-per-serie-7000-9000-protezione-contro-gas-organici-2","status":"publish","type":"product","link":"https:\/\/lucacastelli.com\/de\/produkt\/filtro-gas-moldex-a1-marrone-per-serie-7000-9000-protezione-contro-gas-organici-2\/","title":{"rendered":"Filtro gas MOLDEX A1 marrone per serie 7000\/9000 \u2013 protezione contro gas organici"},"content":{"rendered":"<p>Filtro a gas A1 per le serie MOLDEX 7000 e 9000 \u2013 protezione efficace contro gas e vapori organici Il filtro a gas A1 (contrassegnato in marrone) offre una protezione affidabile contro gas e vapori organici ed \u00e8 compatibile con la mezza maschera MOLDEX serie 7000 (taglie S a L) nonch\u00e9 con la maschera integrale MOLDEX serie 9000 (taglie S a L). Questo filtro \u00e8 conforme alla norma EN 141 ed \u00e8 contrassegnato con il marchio CE, a garanzia di sicurezza di alta qualit\u00e0 e protezione certificata. MOLDEX \u00e8 un produttore riconosciuto a livello internazionale di soluzioni innovative per la protezione delle vie respiratorie, che pone particolare attenzione al comfort, alla funzionalit\u00e0 e alla sicurezza. I prodotti MOLDEX si distinguono per l\u2019alta qualit\u00e0 e la tecnologia all\u2019avanguardia nelle apparecchiature di protezione individuale.<br \/>\npezzo<br \/>\nMOLDEX<\/p>\n<p>7610622532396<\/p>\n","protected":false},"excerpt":{"rendered":"<p>Filtro a gas A1 per le serie MOLDEX 7000 e 9000 \u2013 protezione efficace contro gas e vapori organici Il<\/p>\n","protected":false},"featured_media":885730,"template":"","meta":{"_seopress_robots_primary_cat":"","_seopress_titles_title":"","_seopress_titles_desc":"","_seopress_robots_index":""},"product_brand":[7884],"product_cat":[21,33,537,817,816],"product_tag":[],"class_list":{"0":"post-885729","1":"product","2":"type-product","3":"status-publish","4":"has-post-thumbnail","6":"product_brand-thomi","7":"product_cat-abbigliamento","8":"product_cat-attrezzature","9":"product_cat-attrezzatura-da-lavoro","10":"product_cat-caschi-attrezzatura-per-il-tempo-libero","11":"product_cat-visiere-e-occhiali-protettivi","12":"sws-gruppo-no-gruppo","13":"sws-gruppo-iva-iva81","15":"first","16":"instock","17":"shipping-taxable","18":"purchasable","19":"product-type-simple"},"_links":{"self":[{"href":"https:\/\/lucacastelli.com\/de\/wp-json\/wp\/v2\/product\/885729","targetHints":{"allow":["GET"]}}],"collection":[{"href":"https:\/\/lucacastelli.com\/de\/wp-json\/wp\/v2\/product"}],"about":[{"href":"https:\/\/lucacastelli.com\/de\/wp-json\/wp\/v2\/types\/product"}],"wp:featuredmedia":[{"embeddable":true,"href":"https:\/\/lucacastelli.com\/de\/wp-json\/wp\/v2\/media\/885730"}],"wp:attachment":[{"href":"https:\/\/lucacastelli.com\/de\/wp-json\/wp\/v2\/media?parent=885729"}],"wp:term":[{"taxonomy":"product_brand","embeddable":true,"href":"https:\/\/lucacastelli.com\/de\/wp-json\/wp\/v2\/product_brand?post=885729"},{"taxonomy":"product_cat","embeddable":true,"href":"https:\/\/lucacastelli.com\/de\/wp-json\/wp\/v2\/product_cat?post=885729"},{"taxonomy":"product_tag","embeddable":true,"href":"https:\/\/lucacastelli.com\/de\/wp-json\/wp\/v2\/product_tag?post=885729"}],"curies":[{"name":"wp","href":"https:\/\/api.w.org\/{rel}","templated":true}]}}

<p>Filtro a gas A1 per le serie MOLDEX 7000 e 9000 – protezione efficace contro gas e vapori organici Il filtro a gas A1 (contrassegnato in marrone) offre una protezione affidabile contro gas e vapori organici ed è compatibile con la mezza maschera MOLDEX serie 7000 (taglie S a L) nonché con la maschera integrale MOLDEX serie 9000 (taglie S a L). Questo filtro è conforme alla norma EN 141 ed è contrassegnato con il marchio CE, a garanzia di sicurezza di alta qualità e protezione certificata. MOLDEX è un produttore riconosciuto a livello internazionale di soluzioni innovative per la protezione delle vie respiratorie, che pone particolare attenzione al comfort, alla funzionalità e alla sicurezza. I prodotti MOLDEX si distinguono per l’alta qualità e la tecnologia all’avanguardia nelle apparecchiature di protezione individuale.<br />
pezzo<br />
MOLDEX</p>
<p>7610622532396</p>
