{"id":885245,"date":"2026-08-17T14:51:22","date_gmt":"2026-08-17T12:51:22","guid":{"rendered":"https:\/\/lucacastelli.com\/prodotto\/caricabatterie-per-sistema-di-protezione-respiratoria-px5-gvs-rpb-pezzo-di-ricambio-2\/"},"modified":"2026-09-02T15:48:59","modified_gmt":"2026-09-02T13:48:59","slug":"caricabatterie-per-sistema-di-protezione-respiratoria-px5-gvs-rpb-pezzo-di-ricambio-2","status":"publish","type":"product","link":"https:\/\/lucacastelli.com\/de\/produkt\/caricabatterie-per-sistema-di-protezione-respiratoria-px5-gvs-rpb-pezzo-di-ricambio-2\/","title":{"rendered":"Caricabatterie per sistema di protezione respiratoria PX5 GVS-RPB pezzo di ricambio"},"content":{"rendered":"<p>Caricabatterie per il sistema di protezione respiratoria PX5 GVS-RPB  Questo caricabatterie \u00e8 stato progettato appositamente per il sistema di protezione respiratoria PX5 di GVS-RPB e garantisce un\u2019alimentazione energetica affidabile. Esso \u00e8 conforme ai requisiti della norma EN 12941 e reca il marchio CE, sinonimo di alta qualit\u00e0 e sicurezza. Con questo caricabatterie \u00e8 assicurata un\u2019ottimale funzionalit\u00e0 del vostro sistema di protezione respiratoria.  GVS-RPB \u00e8 un produttore rinomato, specializzato in soluzioni innovative per la protezione respiratoria. L\u2019azienda pone grande attenzione alla precisione, al comfort e al rispetto di elevati standard di sicurezza in tutti i prodotti. Grazie a un costante sviluppo, GVS-RPB offre agli utenti di tutto il mondo sistemi di protezione sicuri ed efficienti.<br \/>\npezzo<br \/>\nGVS|rpb <\/p>\n<p>7610622659192<\/p>\n","protected":false},"excerpt":{"rendered":"<p>Caricabatterie per il sistema di protezione respiratoria PX5 GVS-RPB Questo caricabatterie \u00e8 stato progettato appositamente per il sistema di protezione<\/p>\n","protected":false},"featured_media":885246,"template":"","meta":{"_seopress_robots_primary_cat":"","_seopress_titles_title":"","_seopress_titles_desc":"","_seopress_robots_index":""},"product_brand":[7884],"product_cat":[21,33,537,817,816],"product_tag":[],"class_list":{"0":"post-885245","1":"product","2":"type-product","3":"status-publish","4":"has-post-thumbnail","6":"product_brand-thomi","7":"product_cat-abbigliamento","8":"product_cat-attrezzature","9":"product_cat-attrezzatura-da-lavoro","10":"product_cat-caschi-attrezzatura-per-il-tempo-libero","11":"product_cat-visiere-e-occhiali-protettivi","12":"sws-gruppo-no-gruppo","13":"sws-gruppo-iva-iva81","15":"first","16":"instock","17":"shipping-taxable","18":"purchasable","19":"product-type-simple"},"_links":{"self":[{"href":"https:\/\/lucacastelli.com\/de\/wp-json\/wp\/v2\/product\/885245","targetHints":{"allow":["GET"]}}],"collection":[{"href":"https:\/\/lucacastelli.com\/de\/wp-json\/wp\/v2\/product"}],"about":[{"href":"https:\/\/lucacastelli.com\/de\/wp-json\/wp\/v2\/types\/product"}],"wp:featuredmedia":[{"embeddable":true,"href":"https:\/\/lucacastelli.com\/de\/wp-json\/wp\/v2\/media\/885246"}],"wp:attachment":[{"href":"https:\/\/lucacastelli.com\/de\/wp-json\/wp\/v2\/media?parent=885245"}],"wp:term":[{"taxonomy":"product_brand","embeddable":true,"href":"https:\/\/lucacastelli.com\/de\/wp-json\/wp\/v2\/product_brand?post=885245"},{"taxonomy":"product_cat","embeddable":true,"href":"https:\/\/lucacastelli.com\/de\/wp-json\/wp\/v2\/product_cat?post=885245"},{"taxonomy":"product_tag","embeddable":true,"href":"https:\/\/lucacastelli.com\/de\/wp-json\/wp\/v2\/product_tag?post=885245"}],"curies":[{"name":"wp","href":"https:\/\/api.w.org\/{rel}","templated":true}]}}

<p>Caricabatterie per il sistema di protezione respiratoria PX5 GVS-RPB  Questo caricabatterie è stato progettato appositamente per il sistema di protezione respiratoria PX5 di GVS-RPB e garantisce un’alimentazione energetica affidabile. Esso è conforme ai requisiti della norma EN 12941 e reca il marchio CE, sinonimo di alta qualità e sicurezza. Con questo caricabatterie è assicurata un’ottimale funzionalità del vostro sistema di protezione respiratoria.  GVS-RPB è un produttore rinomato, specializzato in soluzioni innovative per la protezione respiratoria. L’azienda pone grande attenzione alla precisione, al comfort e al rispetto di elevati standard di sicurezza in tutti i prodotti. Grazie a un costante sviluppo, GVS-RPB offre agli utenti di tutto il mondo sistemi di protezione sicuri ed efficienti.<br />
pezzo<br />
GVS|rpb </p>
<p>7610622659192</p>

<p>Caricabatterie per il sistema di protezione respiratoria PX5 GVS-RPB Questo caricabatterie è stato progettato appositamente per il sistema di protezione</p>
