{"id":875578,"date":"2026-08-13T22:29:35","date_gmt":"2026-08-13T20:29:35","guid":{"rendered":"https:\/\/lucacastelli.com\/prodotto\/3m-first-base-3-cappellino-da-lavoro-giallo-fluorescente-con-protezione-facciale-2\/"},"modified":"2026-09-02T15:46:03","modified_gmt":"2026-09-02T13:46:03","slug":"3m-first-base-3-cappellino-da-lavoro-giallo-fluorescente-con-protezione-facciale-2","status":"publish","type":"product","link":"https:\/\/lucacastelli.com\/de\/produkt\/3m-first-base-3-cappellino-da-lavoro-giallo-fluorescente-con-protezione-facciale-2\/","title":{"rendered":"3M FIRST BASE 3 cappellino da lavoro giallo fluorescente con protezione facciale"},"content":{"rendered":"<p>Cappellino con visiera protettiva 3M FIRST BASE 3 in giallo fluorescente  Il cappellino con visiera protettiva FIRST BASE 3 di 3M combina una protezione pratica per la testa con un design sportivo. Realizzato in un resistente mix di cotone e poliestere, si distingue per il suo colore giallo fluorescente con elevata visibilit\u00e0. Un guscio interno stabile in plastica ABS protegge dagli urti a livello della testa, ad esempio in aree di lavoro ristrette o durante visite industriali.  La visiera lunga 55 mm offre una protezione aggiuntiva, mentre la fascia larga e tirata all\u2019indietro garantisce una calzata confortevole e regolabile individualmente (adatta a circonferenze testa da 52 a 65 cm). Per un clima di utilizzo ottimale sono integrate aperture per l\u2019aria che evitano l\u2019accumulo di calore. Un\u2019imbottitura morbida in schiuma aumenta il comfort durante l\u2019uso. Le strisce riflettenti sulle versioni fluorescenti migliorano la visibilit\u00e0 in condizioni di scarsa luminosit\u00e0. La parte tessile del cappellino con visiera pu\u00f2 essere lavata a 40 \u00b0C.  Si prega di notare che questo cappellino protettivo non offre protezione contro oggetti in caduta e non sostituisce un casco protettivo secondo la norma EN 397. \u00c8 conforme alla norma EN 812 ed \u00e8 certificato CE.  Informazioni su 3M  3M \u00e8 un\u2019azienda tecnologica internazionale specializzata in soluzioni innovative in diversi settori, tra cui la protezione sul lavoro e l\u2019equipaggiamento di sicurezza.<br \/>\npezzo<\/p>\n<p>https:\/\/www.thomi.com\/media\/pdf\/30981_ConformityDeclaration.pdf<\/p>\n<p>7610622547482<br \/>\ngiallo segnaletico<br \/>\n53-63 cm<\/p>\n","protected":false},"excerpt":{"rendered":"<p>Cappellino con visiera protettiva 3M FIRST BASE 3 in giallo fluorescente Il cappellino con visiera protettiva FIRST BASE 3 di<\/p>\n","protected":false},"featured_media":875579,"template":"","meta":{"_seopress_robots_primary_cat":"","_seopress_titles_title":"","_seopress_titles_desc":"","_seopress_robots_index":""},"product_brand":[7884],"product_cat":[33,537,817,816],"product_tag":[],"class_list":{"0":"post-875578","1":"product","2":"type-product","3":"status-publish","4":"has-post-thumbnail","6":"product_brand-thomi","7":"product_cat-attrezzature","8":"product_cat-attrezzatura-da-lavoro","9":"product_cat-caschi-attrezzatura-per-il-tempo-libero","10":"product_cat-visiere-e-occhiali-protettivi","11":"sws-gruppo-no-gruppo","12":"sws-gruppo-iva-iva81","14":"first","15":"instock","16":"shipping-taxable","17":"purchasable","18":"product-type-simple"},"_links":{"self":[{"href":"https:\/\/lucacastelli.com\/de\/wp-json\/wp\/v2\/product\/875578","targetHints":{"allow":["GET"]}}],"collection":[{"href":"https:\/\/lucacastelli.com\/de\/wp-json\/wp\/v2\/product"}],"about":[{"href":"https:\/\/lucacastelli.com\/de\/wp-json\/wp\/v2\/types\/product"}],"wp:featuredmedia":[{"embeddable":true,"href":"https:\/\/lucacastelli.com\/de\/wp-json\/wp\/v2\/media\/875579"}],"wp:attachment":[{"href":"https:\/\/lucacastelli.com\/de\/wp-json\/wp\/v2\/media?parent=875578"}],"wp:term":[{"taxonomy":"product_brand","embeddable":true,"href":"https:\/\/lucacastelli.com\/de\/wp-json\/wp\/v2\/product_brand?post=875578"},{"taxonomy":"product_cat","embeddable":true,"href":"https:\/\/lucacastelli.com\/de\/wp-json\/wp\/v2\/product_cat?post=875578"},{"taxonomy":"product_tag","embeddable":true,"href":"https:\/\/lucacastelli.com\/de\/wp-json\/wp\/v2\/product_tag?post=875578"}],"curies":[{"name":"wp","href":"https:\/\/api.w.org\/{rel}","templated":true}]}}

<p>Cappellino con visiera protettiva 3M FIRST BASE 3 in giallo fluorescente  Il cappellino con visiera protettiva FIRST BASE 3 di 3M combina una protezione pratica per la testa con un design sportivo. Realizzato in un resistente mix di cotone e poliestere, si distingue per il suo colore giallo fluorescente con elevata visibilità. Un guscio interno stabile in plastica ABS protegge dagli urti a livello della testa, ad esempio in aree di lavoro ristrette o durante visite industriali.  La visiera lunga 55 mm offre una protezione aggiuntiva, mentre la fascia larga e tirata all’indietro garantisce una calzata confortevole e regolabile individualmente (adatta a circonferenze testa da 52 a 65 cm). Per un clima di utilizzo ottimale sono integrate aperture per l’aria che evitano l’accumulo di calore. Un’imbottitura morbida in schiuma aumenta il comfort durante l’uso. Le strisce riflettenti sulle versioni fluorescenti migliorano la visibilità in condizioni di scarsa luminosità. La parte tessile del cappellino con visiera può essere lavata a 40 °C.  Si prega di notare che questo cappellino protettivo non offre protezione contro oggetti in caduta e non sostituisce un casco protettivo secondo la norma EN 397. È conforme alla norma EN 812 ed è certificato CE.  Informazioni su 3M  3M è un’azienda tecnologica internazionale specializzata in soluzioni innovative in diversi settori, tra cui la protezione sul lavoro e l’equipaggiamento di sicurezza.<br />
pezzo</p>
<p>https://www.thomi.com/media/pdf/30981_ConformityDeclaration.pdf</p>
<p>7610622547482<br />
giallo segnaletico<br />
53-63 cm</p>
