{"id":806780,"date":"2026-03-17T10:07:44","date_gmt":"2026-03-17T09:07:44","guid":{"rendered":"https:\/\/lucacastelli.com\/prodotto\/stihl-holster-fuer-asa-advance-x-flex\/"},"modified":"2026-03-17T10:07:44","modified_gmt":"2026-03-17T09:07:44","slug":"stihl-holster-fuer-asa-advance-x-flex","status":"publish","type":"product","link":"https:\/\/lucacastelli.com\/de\/produkt\/stihl-holster-fuer-asa-advance-x-flex\/","title":{"rendered":"STIHL Holster f\u00fcr ASA ADVANCE X-FLEX"},"content":{"rendered":"<p>Die Schere immer griffbereit<br \/>\nDas STIHL Holster ADVANCE X-Flex f\u00fcr die Akku-Astscheren ASA 20, ASA 130 und ASA 140 erh\u00f6ht den Arbeitskomfort, zum Beispiel beim Schneiden von Str\u00e4uchern, Reben und Obstb\u00e4umen. Dank des Holsters k\u00f6nnen Sie Ihre Akku-Astschere stets bequem mit sich f\u00fchren. Zudem ist die Schere durch die spezielle Polsterung des Holsters vor dem Herausfallen gesch\u00fctzt und bleibt gleichzeitig jederzeit griffbereit.  <\/p>\n<p>Dank des innovativen STIHL Clip-Systems mit Doppel-Metallclip l\u00e4sst sich das robuste und pflegeleichte Holster schnell und bequem am STIHL ADVANCE X-Flex H\u00fcftgurt oder am STIHL ADVANCE X-Flex G\u00fcrtel (beide separat erh\u00e4ltlich) befestigen. Das STIHL Clip-System erm\u00f6glicht zudem das Einh\u00e4ngen des Holsters an einen herk\u00f6mmlichen G\u00fcrtel. <\/p>\n<p>Das STIHL Holster ADVANCE X-Flex ist mit folgenden STIHL Akku-Astscheren kompatibel:<\/p>\n<p>ASA 20<br \/>\nASA 130<br \/>\nASA 140<br \/>\nHinweis: Das STIHL Holster ADVANCE X-Flex ist im Lieferumfang der Akku-Astscheren ASA 130 und ASA 140 enthalten und mit dem Tragsystem f\u00fcr ASA 130 und ASA 140 kompatibel.<\/p>\n<p>&nbsp;<\/p>\n<p>&nbsp;<\/p>\n","protected":false},"excerpt":{"rendered":"<p>Die Schere immer griffbereit Das STIHL Holster ADVANCE X-Flex f\u00fcr die Akku-Astscheren ASA 20, ASA 130 und ASA 140 erh\u00f6ht<\/p>\n","protected":false},"featured_media":806763,"template":"","meta":{"_seopress_robots_primary_cat":"","_seopress_titles_title":"","_seopress_titles_desc":"","_seopress_robots_index":""},"product_brand":[3554],"product_cat":[1454,1396,150,169,1494],"product_tag":[],"class_list":{"0":"post-806780","1":"product","2":"type-product","3":"status-publish","4":"has-post-thumbnail","6":"product_brand-stihl-de","7":"product_cat-andere-gerate","8":"product_cat-arbeitsausrustung","9":"product_cat-ausrustung","10":"product_cat-maschinen","11":"product_cat-sonstige-arbeitsausrustung","12":"sws-gruppo-macchinari-de","13":"sws-conto-ricavi-merci-rivendita-abbigliamento-de","14":"sws-gruppo-iva-iva81-de","16":"first","17":"instock","18":"shipping-taxable","19":"purchasable","20":"product-type-simple"},"_links":{"self":[{"href":"https:\/\/lucacastelli.com\/de\/wp-json\/wp\/v2\/product\/806780","targetHints":{"allow":["GET"]}}],"collection":[{"href":"https:\/\/lucacastelli.com\/de\/wp-json\/wp\/v2\/product"}],"about":[{"href":"https:\/\/lucacastelli.com\/de\/wp-json\/wp\/v2\/types\/product"}],"wp:featuredmedia":[{"embeddable":true,"href":"https:\/\/lucacastelli.com\/de\/wp-json\/wp\/v2\/media\/806763"}],"wp:attachment":[{"href":"https:\/\/lucacastelli.com\/de\/wp-json\/wp\/v2\/media?parent=806780"}],"wp:term":[{"taxonomy":"product_brand","embeddable":true,"href":"https:\/\/lucacastelli.com\/de\/wp-json\/wp\/v2\/product_brand?post=806780"},{"taxonomy":"product_cat","embeddable":true,"href":"https:\/\/lucacastelli.com\/de\/wp-json\/wp\/v2\/product_cat?post=806780"},{"taxonomy":"product_tag","embeddable":true,"href":"https:\/\/lucacastelli.com\/de\/wp-json\/wp\/v2\/product_tag?post=806780"}],"curies":[{"name":"wp","href":"https:\/\/api.w.org\/{rel}","templated":true}]}}

STIHL Holster für ASA ADVANCE X-FLEX

<p>Die Schere immer griffbereit<br />
Das STIHL Holster ADVANCE X-Flex für die Akku-Astscheren ASA 20, ASA 130 und ASA 140 erhöht den Arbeitskomfort, zum Beispiel beim Schneiden von Sträuchern, Reben und Obstbäumen. Dank des Holsters können Sie Ihre Akku-Astschere stets bequem mit sich führen. Zudem ist die Schere durch die spezielle Polsterung des Holsters vor dem Herausfallen geschützt und bleibt gleichzeitig jederzeit griffbereit.  </p>
<p>Dank des innovativen STIHL Clip-Systems mit Doppel-Metallclip lässt sich das robuste und pflegeleichte Holster schnell und bequem am STIHL ADVANCE X-Flex Hüftgurt oder am STIHL ADVANCE X-Flex Gürtel (beide separat erhältlich) befestigen. Das STIHL Clip-System ermöglicht zudem das Einhängen des Holsters an einen herkömmlichen Gürtel. </p>
<p>Das STIHL Holster ADVANCE X-Flex ist mit folgenden STIHL Akku-Astscheren kompatibel:</p>
<p>ASA 20<br />
ASA 130<br />
ASA 140<br />
Hinweis: Das STIHL Holster ADVANCE X-Flex ist im Lieferumfang der Akku-Astscheren ASA 130 und ASA 140 enthalten und mit dem Tragsystem für ASA 130 und ASA 140 kompatibel.</p>
<p>&nbsp;</p>
<p>&nbsp;</p>

<p>Die Schere immer griffbereit Das STIHL Holster ADVANCE X-Flex für die Akku-Astscheren ASA 20, ASA 130 und ASA 140 erhöht</p>
