{"id":804687,"date":"2026-03-16T11:41:21","date_gmt":"2026-03-16T10:41:21","guid":{"rendered":"https:\/\/lucacastelli.com\/prodotto\/crazy-short-alpinstar\/"},"modified":"2026-03-16T11:41:21","modified_gmt":"2026-03-16T10:41:21","slug":"crazy-short-alpinstar","status":"publish","type":"product","link":"https:\/\/lucacastelli.com\/de\/produkt\/crazy-short-alpinstar\/","title":{"rendered":"CRAZY SHORT ALPINSTAR"},"content":{"rendered":"<div class=\"flex flex-col text-sm pb-25\">\n<article class=\"text-token-text-primary w-full focus:outline-none [--shadow-height:45px] has-data-writing-block:pointer-events-none has-data-writing-block:-mt-(--shadow-height) has-data-writing-block:pt-(--shadow-height) [&amp;:has([data-writing-block])&gt;*]:pointer-events-auto scroll-mt-[calc(var(--header-height)+min(200px,max(70px,20svh)))]\" dir=\"auto\" tabindex=\"-1\" data-turn-id=\"request-WEB:dca93298-70f8-4659-a80a-ea8e5cc65860-17\" data-testid=\"conversation-turn-36\" data-scroll-anchor=\"true\" data-turn=\"assistant\">\n<div class=\"text-base my-auto mx-auto pb-10 [--thread-content-margin:var(--thread-content-margin-xs,calc(var(--spacing)*4))] @w-sm\/main:[--thread-content-margin:var(--thread-content-margin-sm,calc(var(--spacing)*6))] @w-lg\/main:[--thread-content-margin:var(--thread-content-margin-lg,calc(var(--spacing)*16))] px-(--thread-content-margin)\">\n<div class=\"[--thread-content-max-width:40rem] @w-lg\/main:[--thread-content-max-width:48rem] mx-auto max-w-(--thread-content-max-width) flex-1 group\/turn-messages focus-visible:outline-hidden relative flex w-full min-w-0 flex-col agent-turn\" tabindex=\"-1\">\n<div class=\"flex max-w-full flex-col gap-4 grow\">\n<div class=\"min-h-8 text-message relative flex w-full flex-col items-end gap-2 text-start break-words whitespace-normal [.text-message+&amp;]:mt-1\" dir=\"auto\" data-message-author-role=\"assistant\" data-message-id=\"ed0d4022-cf12-4c88-b976-f4d035ee0323\" data-message-model-slug=\"gpt-5-3\">\n<div class=\"flex w-full flex-col gap-1 empty:hidden\">\n<div class=\"markdown prose dark:prose-invert w-full wrap-break-word light markdown-new-styling\">\n<p data-start=\"0\" data-end=\"19\"><strong data-start=\"0\" data-end=\"19\">Eigenschaften<\/strong><\/p>\n<ul data-start=\"21\" data-end=\"155\">\n<li data-section-id=\"14s42v\" data-start=\"21\" data-end=\"62\">\n<p data-start=\"23\" data-end=\"62\">Handtaschen mit Rei\u00dfverschluss<\/p>\n<\/li>\n<li data-section-id=\"tc1qzf\" data-start=\"63\" data-end=\"97\">\n<p data-start=\"65\" data-end=\"97\">Kontrastn\u00e4hte<\/p>\n<\/li>\n<li data-section-id=\"1dwu5ag\" data-start=\"98\" data-end=\"133\">\n<p data-start=\"100\" data-end=\"133\">Offener Bund mit elastischem Band<\/p>\n<\/li>\n<li data-section-id=\"j0d6n0\" data-start=\"134\" data-end=\"155\">\n<p data-start=\"136\" data-end=\"155\">Reflektierende Logos<\/p>\n<\/li>\n<\/ul>\n<p data-start=\"157\" data-end=\"172\"><strong data-start=\"157\" data-end=\"172\">Beschreibung<\/strong><\/p>\n<p data-start=\"174\" data-end=\"299\">Die <strong data-start=\"177\" data-end=\"215\">technischste Short der Kollektion<\/strong>, entwickelt f\u00fcr <strong data-start=\"234\" data-end=\"251\">Sommerwanderungen<\/strong> und Outdoor-Aktivit\u00e4ten an hei\u00dfen Tagen.<\/p>\n<p data-start=\"301\" data-end=\"467\">Sie ist aus <strong data-start=\"317\" data-end=\"339\">Lite-Guard-Gewebe<\/strong> gefertigt, das <strong data-start=\"353\" data-end=\"406\">Atmungsaktivit\u00e4t, Elastizit\u00e4t und Windschutz<\/strong> vereint und Komfort sowie Bewegungsfreiheit bei der Aktivit\u00e4t bietet.<\/p>\n<p data-start=\"469\" data-end=\"737\">Das Design ist <strong data-start=\"481\" data-end=\"509\">schlicht und minimalistisch<\/strong>, zus\u00e4tzlich verbessert durch \u00e4sthetische Verfeinerungen an der Seite und am geklebten Saum. Der abgerundete Saum mit <strong data-start=\"621\" data-end=\"656\">\u00fcberlappendem seitlichem Schlitz<\/strong> tr\u00e4gt zur besseren Beweglichkeit bei und verleiht dem Kleidungsst\u00fcck einen sportlichen und modernen Look. <\/p>\n<p data-start=\"739\" data-end=\"972\" data-is-last-node=\"\" data-is-only-node=\"\">Der <strong data-start=\"742\" data-end=\"802\">offene Bund mit unsichtbarem Rei\u00dfverschluss und verdecktem flachem Knopf<\/strong> garantiert eine pr\u00e4zise Passform und hohen Komfort. Die <strong data-start=\"863\" data-end=\"897\">zwei Handtaschen mit Rei\u00dfverschluss<\/strong> vervollst\u00e4ndigen das Kleidungsst\u00fcck und machen es praktisch und funktional f\u00fcr Wanderungen. <\/p>\n<\/div>\n<\/div>\n<\/div>\n<\/div>\n<div class=\"mt-3 w-full empty:hidden\">\n<div class=\"text-center\">\n<div class=\"flex flex-col text-sm pb-25\">\n<article class=\"text-token-text-primary w-full focus:outline-none [--shadow-height:45px] has-data-writing-block:pointer-events-none has-data-writing-block:-mt-(--shadow-height) has-data-writing-block:pt-(--shadow-height) [&amp;:has([data-writing-block])&gt;*]:pointer-events-auto scroll-mt-[calc(var(--header-height)+min(200px,max(70px,20svh)))]\" dir=\"auto\" tabindex=\"-1\" data-turn-id=\"request-WEB:1bed4a84-83c6-41f3-9b56-1bead705c779-2\" data-testid=\"conversation-turn-6\" data-scroll-anchor=\"true\" data-turn=\"assistant\">\n<div class=\"text-base my-auto mx-auto pb-10 [--thread-content-margin:var(--thread-content-margin-xs,calc(var(--spacing)*4))] @w-sm\/main:[--thread-content-margin:var(--thread-content-margin-sm,calc(var(--spacing)*6))] @w-lg\/main:[--thread-content-margin:var(--thread-content-margin-lg,calc(var(--spacing)*16))] px-(--thread-content-margin)\">\n<div class=\"[--thread-content-max-width:40rem] @w-lg\/main:[--thread-content-max-width:48rem] mx-auto max-w-(--thread-content-max-width) flex-1 group\/turn-messages focus-visible:outline-hidden relative flex w-full min-w-0 flex-col agent-turn\" tabindex=\"-1\">\n<div class=\"mt-3 w-full empty:hidden\">\n<div class=\"text-center\"><\/div>\n<\/div>\n<\/div>\n<\/div>\n<\/article>\n<\/div>\n<div class=\"pointer-events-none h-px w-px absolute bottom-0\" aria-hidden=\"true\" data-edge=\"true\"><\/div>\n<\/div>\n<\/div>\n<\/div>\n<\/div>\n<\/article>\n<\/div>\n<div class=\"pointer-events-none h-px w-px absolute bottom-0\" aria-hidden=\"true\" data-edge=\"true\"><\/div>\n","protected":false},"excerpt":{"rendered":"<p>Eigenschaften Handtaschen mit Rei\u00dfverschluss Kontrastn\u00e4hte Offener Bund mit elastischem Band Reflektierende Logos Beschreibung Die technischste Short der Kollektion, entwickelt f\u00fcr<\/p>\n","protected":false},"featured_media":804688,"template":"","meta":{"_seopress_robots_primary_cat":"none","_seopress_titles_title":"","_seopress_titles_desc":"","_seopress_robots_index":""},"product_brand":[3614],"product_cat":[1388,974,82],"product_tag":[],"class_list":{"0":"post-804687","1":"product","2":"type-product","3":"status-publish","4":"has-post-thumbnail","6":"product_brand-crazy-de","7":"product_cat-damenbekleidung","8":"product_cat-freizeitkleidung","9":"product_cat-kleidung","10":"sws-gruppo-abb-libero-de","11":"sws-conto-ricavi-merci-rivendita-abbigliamento-de","12":"sws-gruppo-iva-iva81-de","14":"first","15":"instock","16":"sale","17":"shipping-taxable","18":"purchasable","19":"product-type-variable","20":"has-default-attributes"},"_links":{"self":[{"href":"https:\/\/lucacastelli.com\/de\/wp-json\/wp\/v2\/product\/804687","targetHints":{"allow":["GET"]}}],"collection":[{"href":"https:\/\/lucacastelli.com\/de\/wp-json\/wp\/v2\/product"}],"about":[{"href":"https:\/\/lucacastelli.com\/de\/wp-json\/wp\/v2\/types\/product"}],"wp:featuredmedia":[{"embeddable":true,"href":"https:\/\/lucacastelli.com\/de\/wp-json\/wp\/v2\/media\/804688"}],"wp:attachment":[{"href":"https:\/\/lucacastelli.com\/de\/wp-json\/wp\/v2\/media?parent=804687"}],"wp:term":[{"taxonomy":"product_brand","embeddable":true,"href":"https:\/\/lucacastelli.com\/de\/wp-json\/wp\/v2\/product_brand?post=804687"},{"taxonomy":"product_cat","embeddable":true,"href":"https:\/\/lucacastelli.com\/de\/wp-json\/wp\/v2\/product_cat?post=804687"},{"taxonomy":"product_tag","embeddable":true,"href":"https:\/\/lucacastelli.com\/de\/wp-json\/wp\/v2\/product_tag?post=804687"}],"curies":[{"name":"wp","href":"https:\/\/api.w.org\/{rel}","templated":true}]}}

<div class="flex flex-col text-sm pb-25">
<article class="text-token-text-primary w-full focus:outline-none [--shadow-height:45px] has-data-writing-block:pointer-events-none has-data-writing-block:-mt-(--shadow-height) has-data-writing-block:pt-(--shadow-height) [&amp;:has([data-writing-block])&gt;*]:pointer-events-auto scroll-mt-[calc(var(--header-height)+min(200px,max(70px,20svh)))]" dir="auto" tabindex="-1" data-turn-id="request-WEB:dca93298-70f8-4659-a80a-ea8e5cc65860-17" data-testid="conversation-turn-36" data-scroll-anchor="true" data-turn="assistant">
<div class="text-base my-auto mx-auto pb-10 [--thread-content-margin:var(--thread-content-margin-xs,calc(var(--spacing)*4))] @w-sm/main:[--thread-content-margin:var(--thread-content-margin-sm,calc(var(--spacing)*6))] @w-lg/main:[--thread-content-margin:var(--thread-content-margin-lg,calc(var(--spacing)*16))] px-(--thread-content-margin)">
<div class="[--thread-content-max-width:40rem] @w-lg/main:[--thread-content-max-width:48rem] mx-auto max-w-(--thread-content-max-width) flex-1 group/turn-messages focus-visible:outline-hidden relative flex w-full min-w-0 flex-col agent-turn" tabindex="-1">
<div class="flex max-w-full flex-col gap-4 grow">
<div class="min-h-8 text-message relative flex w-full flex-col items-end gap-2 text-start break-words whitespace-normal [.text-message+&amp;]:mt-1" dir="auto" data-message-author-role="assistant" data-message-id="ed0d4022-cf12-4c88-b976-f4d035ee0323" data-message-model-slug="gpt-5-3">
<div class="flex w-full flex-col gap-1 empty:hidden">
<div class="markdown prose dark:prose-invert w-full wrap-break-word light markdown-new-styling">
<p data-start="0" data-end="19"><strong data-start="0" data-end="19">Eigenschaften</strong></p>
<ul data-start="21" data-end="155">
<li data-section-id="14s42v" data-start="21" data-end="62">
<p data-start="23" data-end="62">Handtaschen mit Reißverschluss</p>
</li>
<li data-section-id="tc1qzf" data-start="63" data-end="97">
<p data-start="65" data-end="97">Kontrastnähte</p>
</li>
<li data-section-id="1dwu5ag" data-start="98" data-end="133">
<p data-start="100" data-end="133">Offener Bund mit elastischem Band</p>
</li>
<li data-section-id="j0d6n0" data-start="134" data-end="155">
<p data-start="136" data-end="155">Reflektierende Logos</p>
</li>
</ul>
<p data-start="157" data-end="172"><strong data-start="157" data-end="172">Beschreibung</strong></p>
<p data-start="174" data-end="299">Die <strong data-start="177" data-end="215">technischste Short der Kollektion</strong>, entwickelt für <strong data-start="234" data-end="251">Sommerwanderungen</strong> und Outdoor-Aktivitäten an heißen Tagen.</p>
<p data-start="301" data-end="467">Sie ist aus <strong data-start="317" data-end="339">Lite-Guard-Gewebe</strong> gefertigt, das <strong data-start="353" data-end="406">Atmungsaktivität, Elastizität und Windschutz</strong> vereint und Komfort sowie Bewegungsfreiheit bei der Aktivität bietet.</p>
<p data-start="469" data-end="737">Das Design ist <strong data-start="481" data-end="509">schlicht und minimalistisch</strong>, zusätzlich verbessert durch ästhetische Verfeinerungen an der Seite und am geklebten Saum. Der abgerundete Saum mit <strong data-start="621" data-end="656">überlappendem seitlichem Schlitz</strong> trägt zur besseren Beweglichkeit bei und verleiht dem Kleidungsstück einen sportlichen und modernen Look. </p>
<p data-start="739" data-end="972" data-is-last-node="" data-is-only-node="">Der <strong data-start="742" data-end="802">offene Bund mit unsichtbarem Reißverschluss und verdecktem flachem Knopf</strong> garantiert eine präzise Passform und hohen Komfort. Die <strong data-start="863" data-end="897">zwei Handtaschen mit Reißverschluss</strong> vervollständigen das Kleidungsstück und machen es praktisch und funktional für Wanderungen. </p>
</div>
</div>
</div>
</div>
<div class="mt-3 w-full empty:hidden">
<div class="text-center">
<div class="flex flex-col text-sm pb-25">
<article class="text-token-text-primary w-full focus:outline-none [--shadow-height:45px] has-data-writing-block:pointer-events-none has-data-writing-block:-mt-(--shadow-height) has-data-writing-block:pt-(--shadow-height) [&amp;:has([data-writing-block])&gt;*]:pointer-events-auto scroll-mt-[calc(var(--header-height)+min(200px,max(70px,20svh)))]" dir="auto" tabindex="-1" data-turn-id="request-WEB:1bed4a84-83c6-41f3-9b56-1bead705c779-2" data-testid="conversation-turn-6" data-scroll-anchor="true" data-turn="assistant">
<div class="text-base my-auto mx-auto pb-10 [--thread-content-margin:var(--thread-content-margin-xs,calc(var(--spacing)*4))] @w-sm/main:[--thread-content-margin:var(--thread-content-margin-sm,calc(var(--spacing)*6))] @w-lg/main:[--thread-content-margin:var(--thread-content-margin-lg,calc(var(--spacing)*16))] px-(--thread-content-margin)">
<div class="[--thread-content-max-width:40rem] @w-lg/main:[--thread-content-max-width:48rem] mx-auto max-w-(--thread-content-max-width) flex-1 group/turn-messages focus-visible:outline-hidden relative flex w-full min-w-0 flex-col agent-turn" tabindex="-1">
<div class="mt-3 w-full empty:hidden">
<div class="text-center"></div>
</div>
</div>
</div>
</article>
</div>
<div class="pointer-events-none h-px w-px absolute bottom-0" aria-hidden="true" data-edge="true"></div>
</div>
</div>
</div>
</div>
</article>
</div>
<div class="pointer-events-none h-px w-px absolute bottom-0" aria-hidden="true" data-edge="true"></div>

<p>Eigenschaften Handtaschen mit Reißverschluss Kontrastnähte Offener Bund mit elastischem Band Reflektierende Logos Beschreibung Die technischste Short der Kollektion, entwickelt für</p>
