{"id":797741,"date":"2026-03-14T14:14:41","date_gmt":"2026-03-14T13:14:41","guid":{"rendered":"https:\/\/lucacastelli.com\/?post_type=product&#038;p=797741"},"modified":"2026-03-14T14:59:12","modified_gmt":"2026-03-14T13:59:12","slug":"helly-hansen-juniors-thalia-2-0-shorts-copia","status":"publish","type":"product","link":"https:\/\/lucacastelli.com\/de\/produkt\/helly-hansen-juniors-thalia-2-0-shorts-copia\/","title":{"rendered":"Helly Hansen Vidda Shorts f\u00fcr Junioren"},"content":{"rendered":"<div class=\"productDetailsSection_productDescriptionSection__FDg0y\">\n<div class=\"productDescription_productDescription__sJIE6\" data-mt-type=\"product-description\">\n<div class=\"richtext_wrapper__3MzTU productDescription_productDescriptionContent__0A3VB\">Unsere Vidda Shorts f\u00fcr Junioren sind ideal f\u00fcr Wanderungen und andere Outdoor-Abenteuer an warmen Tagen. Sie verf\u00fcgen \u00fcber Stretch-Eins\u00e4tze am Ges\u00e4\u00df f\u00fcr maximale Bewegungsfreiheit sowie einen elastischen und verstellbaren Bund f\u00fcr h\u00f6chsten Komfort. <\/div>\n<\/div>\n<\/div>\n<div><\/div>\n<div>Faserzusammensetzung: Obermaterial: 41 % Polyester (recycelt), 37 % Polyester, 22 % Baumwolle \u2013 Obermaterial 2: 47 % Polyamid (recycelt), 41 % Polyamid, 12 % Elasthan<\/div>\n","protected":false},"excerpt":{"rendered":"<p>Unsere Vidda Shorts f\u00fcr Junioren sind ideal f\u00fcr Wanderungen und andere Outdoor-Abenteuer an warmen Tagen. Sie verf\u00fcgen \u00fcber Stretch-Eins\u00e4tze am<\/p>\n","protected":false},"featured_media":797775,"template":"","meta":{"_seopress_robots_primary_cat":"none","_seopress_titles_title":"","_seopress_titles_desc":"","_seopress_robots_index":""},"product_brand":[3425],"product_cat":[21,189,685],"product_tag":[],"class_list":{"0":"post-797741","1":"product","2":"type-product","3":"status-publish","4":"has-post-thumbnail","6":"product_brand-helly-hansen","7":"product_cat-abbigliamento","8":"product_cat-abbigliamento-per-il-tempo-libero","9":"product_cat-abbigliamento-da-bambino","10":"sws-gruppo-abb-libero-de","11":"sws-conto-ricavi-merci-rivendita-abbigliamento-de","12":"sws-gruppo-iva-iva81-de","14":"first","15":"instock","16":"shipping-taxable","17":"purchasable","18":"product-type-variable","19":"has-default-attributes"},"_links":{"self":[{"href":"https:\/\/lucacastelli.com\/de\/wp-json\/wp\/v2\/product\/797741","targetHints":{"allow":["GET"]}}],"collection":[{"href":"https:\/\/lucacastelli.com\/de\/wp-json\/wp\/v2\/product"}],"about":[{"href":"https:\/\/lucacastelli.com\/de\/wp-json\/wp\/v2\/types\/product"}],"wp:featuredmedia":[{"embeddable":true,"href":"https:\/\/lucacastelli.com\/de\/wp-json\/wp\/v2\/media\/797775"}],"wp:attachment":[{"href":"https:\/\/lucacastelli.com\/de\/wp-json\/wp\/v2\/media?parent=797741"}],"wp:term":[{"taxonomy":"product_brand","embeddable":true,"href":"https:\/\/lucacastelli.com\/de\/wp-json\/wp\/v2\/product_brand?post=797741"},{"taxonomy":"product_cat","embeddable":true,"href":"https:\/\/lucacastelli.com\/de\/wp-json\/wp\/v2\/product_cat?post=797741"},{"taxonomy":"product_tag","embeddable":true,"href":"https:\/\/lucacastelli.com\/de\/wp-json\/wp\/v2\/product_tag?post=797741"}],"curies":[{"name":"wp","href":"https:\/\/api.w.org\/{rel}","templated":true}]}}

Helly Hansen Vidda Shorts für Junioren

<div class="productDetailsSection_productDescriptionSection__FDg0y">
<div class="productDescription_productDescription__sJIE6" data-mt-type="product-description">
<div class="richtext_wrapper__3MzTU productDescription_productDescriptionContent__0A3VB">Unsere Vidda Shorts für Junioren sind ideal für Wanderungen und andere Outdoor-Abenteuer an warmen Tagen. Sie verfügen über Stretch-Einsätze am Gesäß für maximale Bewegungsfreiheit sowie einen elastischen und verstellbaren Bund für höchsten Komfort. </div>
</div>
</div>
<div></div>
<div>Faserzusammensetzung: Obermaterial: 41 % Polyester (recycelt), 37 % Polyester, 22 % Baumwolle – Obermaterial 2: 47 % Polyamid (recycelt), 41 % Polyamid, 12 % Elasthan</div>

<p>Unsere Vidda Shorts für Junioren sind ideal für Wanderungen und andere Outdoor-Abenteuer an warmen Tagen. Sie verfügen über Stretch-Einsätze am</p>
