{"id":797555,"date":"2026-03-14T13:08:36","date_gmt":"2026-03-14T12:08:36","guid":{"rendered":"https:\/\/lucacastelli.com\/prodotto\/helly-hansen-juniors-vidda-hose\/"},"modified":"2026-03-14T13:08:36","modified_gmt":"2026-03-14T12:08:36","slug":"helly-hansen-juniors-vidda-hose","status":"publish","type":"product","link":"https:\/\/lucacastelli.com\/de\/produkt\/helly-hansen-juniors-vidda-hose\/","title":{"rendered":"Helly Hansen Juniors&#8217; Vidda Hose"},"content":{"rendered":"<p>Unsere Vidda Hose f\u00fcr Kinder wurde f\u00fcr Wanderungen und andere Outdoor-Abenteuer entwickelt und kann das ganze Jahr \u00fcber getragen werden. Diese Hose verf\u00fcgt \u00fcber Stretch-Eins\u00e4tze an Knien und Ges\u00e4ss f\u00fcr optimale Bewegungsfreiheit und Komfort, w\u00e4hrend das Material leichtem Regen standh\u00e4lt. Der Bund ist verstellbar, um die bequemste Passform zu finden, und auch der Beinsaum l\u00e4sst sich perfekt an Wanderschuhe oder Schuhe anpassen.  <\/p>\n<p>&nbsp;<\/p>\n<p>Faserzusammensetzung:<\/p>\n<div class=\"richtext_wrapper__3MzTU blocks_root__vE_15\">Obermaterial: 41 % Polyester (recycelt), 37 % Polyester, 22 % Baumwolle &#8211; Obermaterial 2: 47 % Polyamid (recycelt), 41 % Polyamid, 12 % Elasthan<\/div>\n","protected":false},"excerpt":{"rendered":"<p>Unsere Vidda Hose f\u00fcr Kinder wurde f\u00fcr Wanderungen und andere Outdoor-Abenteuer entwickelt und kann das ganze Jahr \u00fcber getragen werden.<\/p>\n","protected":false},"featured_media":797557,"template":"","meta":{"_seopress_robots_primary_cat":"none","_seopress_titles_title":"","_seopress_titles_desc":"","_seopress_robots_index":""},"product_brand":[3425],"product_cat":[21,189,685],"product_tag":[],"class_list":{"0":"post-797555","1":"product","2":"type-product","3":"status-publish","4":"has-post-thumbnail","6":"product_brand-helly-hansen","7":"product_cat-abbigliamento","8":"product_cat-abbigliamento-per-il-tempo-libero","9":"product_cat-abbigliamento-da-bambino","10":"sws-gruppo-abb-libero-de","11":"sws-conto-ricavi-merci-rivendita-abbigliamento-de","12":"sws-gruppo-iva-iva81-de","14":"first","15":"instock","16":"shipping-taxable","17":"purchasable","18":"product-type-variable","19":"has-default-attributes"},"_links":{"self":[{"href":"https:\/\/lucacastelli.com\/de\/wp-json\/wp\/v2\/product\/797555","targetHints":{"allow":["GET"]}}],"collection":[{"href":"https:\/\/lucacastelli.com\/de\/wp-json\/wp\/v2\/product"}],"about":[{"href":"https:\/\/lucacastelli.com\/de\/wp-json\/wp\/v2\/types\/product"}],"wp:featuredmedia":[{"embeddable":true,"href":"https:\/\/lucacastelli.com\/de\/wp-json\/wp\/v2\/media\/797557"}],"wp:attachment":[{"href":"https:\/\/lucacastelli.com\/de\/wp-json\/wp\/v2\/media?parent=797555"}],"wp:term":[{"taxonomy":"product_brand","embeddable":true,"href":"https:\/\/lucacastelli.com\/de\/wp-json\/wp\/v2\/product_brand?post=797555"},{"taxonomy":"product_cat","embeddable":true,"href":"https:\/\/lucacastelli.com\/de\/wp-json\/wp\/v2\/product_cat?post=797555"},{"taxonomy":"product_tag","embeddable":true,"href":"https:\/\/lucacastelli.com\/de\/wp-json\/wp\/v2\/product_tag?post=797555"}],"curies":[{"name":"wp","href":"https:\/\/api.w.org\/{rel}","templated":true}]}}

<p>Unsere Vidda Hose für Kinder wurde für Wanderungen und andere Outdoor-Abenteuer entwickelt und kann das ganze Jahr über getragen werden. Diese Hose verfügt über Stretch-Einsätze an Knien und Gesäss für optimale Bewegungsfreiheit und Komfort, während das Material leichtem Regen standhält. Der Bund ist verstellbar, um die bequemste Passform zu finden, und auch der Beinsaum lässt sich perfekt an Wanderschuhe oder Schuhe anpassen.  </p>
<p>&nbsp;</p>
<p>Faserzusammensetzung:</p>
<div class="richtext_wrapper__3MzTU blocks_root__vE_15">Obermaterial: 41 % Polyester (recycelt), 37 % Polyester, 22 % Baumwolle &#8211; Obermaterial 2: 47 % Polyamid (recycelt), 41 % Polyamid, 12 % Elasthan</div>

<p>Unsere Vidda Hose für Kinder wurde für Wanderungen und andere Outdoor-Abenteuer entwickelt und kann das ganze Jahr über getragen werden.</p>
