{"id":463726,"date":"2026-08-28T11:12:06","date_gmt":"2026-08-28T09:12:06","guid":{"rendered":"https:\/\/lucacastelli.com\/prodotto\/ms-261-c-m-schnittlaenge-45cm-rs-pro\/"},"modified":"2026-09-04T22:48:02","modified_gmt":"2026-09-04T20:48:02","slug":"ms-261-c-m-schnittlaenge-45cm-rs-pro","status":"publish","type":"product","link":"https:\/\/lucacastelli.com\/de\/produkt\/ms-261-c-m-schnittlaenge-45cm-rs-pro\/","title":{"rendered":"STIHL MS 261 C-M, Schnittl\u00e4nge 45 cm, RS Pro"},"content":{"rendered":"<p>Mit vollst\u00e4ndig elektronischer Motorsteuerung M-Tronic<br \/>\nLeichte, handliche und leistungsstarke Profi-Motors\u00e4ge. Die Kraftstoffdosierung wird elektronisch geregelt und passt sich automatisch an die Witterungsbedingungen an. Ausgestattet mit HD2-Filter, \u00d6lpumpe mit regulierbarer F\u00f6rderleistung und besonderen Ausstattungsdetails wie dem Schalld\u00e4mpfer aus Edelstahl, verliersicheren Muttern am Kettenraddeckel und einteiligem Deckel mit drei Schnellverschl\u00fcssen. Bis zu 20 % weniger Kraftstoffverbrauch und bis zu 50 % weniger Schadstoffemissionen im Vergleich zu gleich starken STIHL Zweitaktmotoren ohne 2-MIX-Technologie.   <\/p>\n<p>&nbsp;<\/p>\n<table data-test-id=\"pdp-spec-tech-table\">\n<tbody>\n<tr>\n<td>Hubraum<\/td>\n<td>50,2 cm\u00b3<\/td>\n<\/tr>\n<tr>\n<td>Leistung<\/td>\n<td>3 kW<\/td>\n<\/tr>\n<tr>\n<td>Leistung<\/td>\n<td>4,10 PS<\/td>\n<\/tr>\n<tr>\n<td>Leistung<\/td>\n<td>4 bhp<\/td>\n<\/tr>\n<tr>\n<td>CO2<\/td>\n<td>705 g\/kWh<\/td>\n<\/tr>\n<tr>\n<td>Gewicht ohne Kraftstoff<\/td>\n<td>4,9 kg<\/td>\n<\/tr>\n<tr>\n<td>Systemgewicht ohne Kraftstoff<\/td>\n<td>5,80 \/ 5,92 kg<\/td>\n<\/tr>\n<tr>\n<td>Leistungsgewicht<\/td>\n<td>1,60 kg\/kW<\/td>\n<\/tr>\n<tr>\n<td>Schienenl\u00e4nge<\/td>\n<td>40 \/ 45 cm<\/td>\n<\/tr>\n<tr>\n<td>Nutbreite<\/td>\n<td>1,30 mm<\/td>\n<\/tr>\n<tr>\n<td>Kettenteilung<\/td>\n<td>.325&#8243;<\/td>\n<\/tr>\n<tr>\n<td>Ger\u00e4tel\u00e4nge mit Krallenanschlag<\/td>\n<td>448 mm<\/td>\n<\/tr>\n<tr>\n<td>Schalldruckpegel<\/td>\n<td>105 dB(A)<\/td>\n<\/tr>\n<tr>\n<td>Schallleistungspegel<\/td>\n<td>114 dB(A)<\/td>\n<\/tr>\n<tr>\n<td>Vibrationswert links<\/td>\n<td>3,5 m\/s\u00b2<\/td>\n<\/tr>\n<tr>\n<td>Vibrationswert rechts<\/td>\n<td>3,5 m\/s\u00b2<\/td>\n<\/tr>\n<\/tbody>\n<\/table>\n","protected":false},"excerpt":{"rendered":"<p>MS 261 C-M, Schnittl\u00e4nge 45 cm, RS Pro<\/p>\n","protected":false},"featured_media":644680,"template":"","meta":{"_seopress_robots_primary_cat":"none","_seopress_titles_title":"","_seopress_titles_desc":"","_seopress_robots_index":""},"product_brand":[3554],"product_cat":[169,1616],"product_tag":[3266],"class_list":{"0":"post-463726","1":"product","2":"type-product","3":"status-publish","4":"has-post-thumbnail","6":"product_brand-stihl-de","7":"product_cat-maschinen","8":"product_cat-motor-kettensagen","9":"product_tag-import-stihl-de","10":"sws-gruppo-macchinari","11":"sws-conto-ricavi-merci-rivendita-macchinari","12":"sws-gruppo-iva-iva81","14":"first","15":"onbackorder","16":"sale","17":"purchasable","18":"product-type-simple"},"_links":{"self":[{"href":"https:\/\/lucacastelli.com\/de\/wp-json\/wp\/v2\/product\/463726","targetHints":{"allow":["GET"]}}],"collection":[{"href":"https:\/\/lucacastelli.com\/de\/wp-json\/wp\/v2\/product"}],"about":[{"href":"https:\/\/lucacastelli.com\/de\/wp-json\/wp\/v2\/types\/product"}],"wp:featuredmedia":[{"embeddable":true,"href":"https:\/\/lucacastelli.com\/de\/wp-json\/wp\/v2\/media\/644680"}],"wp:attachment":[{"href":"https:\/\/lucacastelli.com\/de\/wp-json\/wp\/v2\/media?parent=463726"}],"wp:term":[{"taxonomy":"product_brand","embeddable":true,"href":"https:\/\/lucacastelli.com\/de\/wp-json\/wp\/v2\/product_brand?post=463726"},{"taxonomy":"product_cat","embeddable":true,"href":"https:\/\/lucacastelli.com\/de\/wp-json\/wp\/v2\/product_cat?post=463726"},{"taxonomy":"product_tag","embeddable":true,"href":"https:\/\/lucacastelli.com\/de\/wp-json\/wp\/v2\/product_tag?post=463726"}],"curies":[{"name":"wp","href":"https:\/\/api.w.org\/{rel}","templated":true}]}}

STIHL MS 261 C-M, Schnittlänge 45 cm, RS Pro

<p>Mit vollständig elektronischer Motorsteuerung M-Tronic<br />
Leichte, handliche und leistungsstarke Profi-Motorsäge. Die Kraftstoffdosierung wird elektronisch geregelt und passt sich automatisch an die Witterungsbedingungen an. Ausgestattet mit HD2-Filter, Ölpumpe mit regulierbarer Förderleistung und besonderen Ausstattungsdetails wie dem Schalldämpfer aus Edelstahl, verliersicheren Muttern am Kettenraddeckel und einteiligem Deckel mit drei Schnellverschlüssen. Bis zu 20 % weniger Kraftstoffverbrauch und bis zu 50 % weniger Schadstoffemissionen im Vergleich zu gleich starken STIHL Zweitaktmotoren ohne 2-MIX-Technologie.   </p>
<p>&nbsp;</p>
<table data-test-id="pdp-spec-tech-table">
<tbody>
<tr>
<td>Hubraum</td>
<td>50,2 cm³</td>
</tr>
<tr>
<td>Leistung</td>
<td>3 kW</td>
</tr>
<tr>
<td>Leistung</td>
<td>4,10 PS</td>
</tr>
<tr>
<td>Leistung</td>
<td>4 bhp</td>
</tr>
<tr>
<td>CO2</td>
<td>705 g/kWh</td>
</tr>
<tr>
<td>Gewicht ohne Kraftstoff</td>
<td>4,9 kg</td>
</tr>
<tr>
<td>Systemgewicht ohne Kraftstoff</td>
<td>5,80 / 5,92 kg</td>
</tr>
<tr>
<td>Leistungsgewicht</td>
<td>1,60 kg/kW</td>
</tr>
<tr>
<td>Schienenlänge</td>
<td>40 / 45 cm</td>
</tr>
<tr>
<td>Nutbreite</td>
<td>1,30 mm</td>
</tr>
<tr>
<td>Kettenteilung</td>
<td>.325&#8243;</td>
</tr>
<tr>
<td>Gerätelänge mit Krallenanschlag</td>
<td>448 mm</td>
</tr>
<tr>
<td>Schalldruckpegel</td>
<td>105 dB(A)</td>
</tr>
<tr>
<td>Schallleistungspegel</td>
<td>114 dB(A)</td>
</tr>
<tr>
<td>Vibrationswert links</td>
<td>3,5 m/s²</td>
</tr>
<tr>
<td>Vibrationswert rechts</td>
<td>3,5 m/s²</td>
</tr>
</tbody>
</table>

<p>MS 261 C-M, Schnittlänge 45 cm, RS Pro</p>
