{"id":463059,"date":"2026-08-28T11:55:05","date_gmt":"2026-08-28T09:55:05","guid":{"rendered":"https:\/\/lucacastelli.com\/prodotto\/ms-462-c-m-50cm-schnittlaenge-es-light-rs\/"},"modified":"2026-09-02T18:38:27","modified_gmt":"2026-09-02T16:38:27","slug":"ms-462-c-m-50cm-schnittlaenge-es-light-rs","status":"publish","type":"product","link":"https:\/\/lucacastelli.com\/de\/produkt\/ms-462-c-m-50cm-schnittlaenge-es-light-rs\/","title":{"rendered":"STIHL MS 462 C-M, Schnittl\u00e4nge 50 cm, ES Light, RS"},"content":{"rendered":"<h2 class=\"product-details__title\">Die leichteste Profi-Motors\u00e4ge in der 70-cm\u00b3-Klasse<\/h2>\n<div class=\"product-details__description richtexteditor\">\n<p>Die STIHL MS 462 C-M ist eine sehr leichte Profi-Motors\u00e4ge der 70-cm\u00b3-Hubraumklasse. Sie erweist sich als besonders effizient f\u00fcr Arbeiten im Wald, f\u00fcr Forstbetriebe, im Landschaftsbau und Gartenbau sowie in der Landwirtschaft. Die Leistung von 4,4 kW (6 PS) ist ideal zum F\u00e4llen und Entasten mittelgrosser und grosser B\u00e4ume.  <\/p>\n<p>Dank ihrer gewichtsoptimierten Komponenten wiegt sie nur 6,0 kg und ist damit extrem handlich. Bei anspruchsvollen Arbeiten z\u00e4hlt jedes Gramm. Zudem beschleunigt sie schnell und l\u00e4uft mit konstanter H\u00f6chstdrehzahl.  <\/p>\n<p>Die Forst-Motors\u00e4ge STIHL MS 462 C-M \u00fcberzeugt durch ihren kraftvollen <strong>STIHL 2-MIX-Motor<\/strong> und das niedrige Leistungsgewicht. Die vollst\u00e4ndige elektronische <strong>STIHL M-Tronic-Motorsteuerung<\/strong> sorgt f\u00fcr einfaches Starten und optimale Motorleistung. Weitere durchdachte Merkmale der Motors\u00e4ge:  <\/p>\n<ul>\n<li>Die werkzeuglosen Tankverschl\u00fcsse erm\u00f6glichen schnelles und einfaches Nachtanken von \u00d6l.<\/li>\n<li>Der Kettenwechsel ist dank verliersicherer Muttern am Kettenraddeckel einfach und schnell.<\/li>\n<li>Bei staubigen Arbeiten sch\u00fctzt der <strong>HD2-Luftfilter<\/strong> mit Radial-Dichtung den Motor vor Feinstaub und l\u00e4sst sich einfach reinigen, beispielsweise mit <strong>STIHL VarioClean<\/strong><a href=\"https:\/\/www.stihl.it\/it\/ap\/varioclean-1461\"><strong>.<\/strong><\/a> Die Kombination des HD2-Luftfilters mit der ebenfalls serienm\u00e4ssigen Vorabscheidung an der MS 462 bietet ein langlebiges Luftfiltersystem.<\/li>\n<\/ul>\n<p>&nbsp;<\/p>\n<\/div>\n<table data-test-id=\"pdp-spec-tech-table\">\n<tbody>\n<tr>\n<td>Hubraum<\/td>\n<td>72,2 cm\u00b3<\/td>\n<\/tr>\n<tr>\n<td>Leistung<\/td>\n<td>4,40 kW<\/td>\n<\/tr>\n<tr>\n<td>Leistung<\/td>\n<td>6 PS<\/td>\n<\/tr>\n<tr>\n<td>Leistung<\/td>\n<td>5,90 bhp<\/td>\n<\/tr>\n<tr>\n<td>CO2<\/td>\n<td>704 g\/kWh<\/td>\n<\/tr>\n<tr>\n<td>Ger\u00e4tegewicht ohne Kraftstoff<\/td>\n<td>6 kg<\/td>\n<\/tr>\n<tr>\n<td>Systemgewicht ohne Kraftstoff<\/td>\n<td>7,33 \/ 7,27 \/ 7,58 kg<\/td>\n<\/tr>\n<tr>\n<td>Leistungsgewicht<\/td>\n<td>1,40 kg\/kW<\/td>\n<\/tr>\n<tr>\n<td>Schienenl\u00e4nge<\/td>\n<td>45 \/ 50 \/ 63 cm<\/td>\n<\/tr>\n<tr>\n<td>Nutbreite<\/td>\n<td>1,60 mm<\/td>\n<\/tr>\n<tr>\n<td>Kettenteilung<\/td>\n<td>3\/8&#8243;<\/td>\n<\/tr>\n<tr>\n<td>Ger\u00e4tel\u00e4nge mit Krallenanschlag<\/td>\n<td>469 mm<\/td>\n<\/tr>\n<tr>\n<td>Schalldruckpegel<\/td>\n<td>108 dB(A)<\/td>\n<\/tr>\n<tr>\n<td>Schallleistungspegel<\/td>\n<td>118 dB(A)<\/td>\n<\/tr>\n<tr>\n<td>Vibrationswert links<\/td>\n<td>4,8 m\/s\u00b2<\/td>\n<\/tr>\n<tr>\n<td>Vibrationswert rechts<\/td>\n<td>3,6 m\/s\u00b2<\/td>\n<\/tr>\n<\/tbody>\n<\/table>\n","protected":false},"excerpt":{"rendered":"<p>MS 462 C-M, Schnittl\u00e4nge 50 cm, ES Light, RS<\/p>\n","protected":false},"featured_media":897713,"template":"","meta":{"_seopress_robots_primary_cat":"none","_seopress_titles_title":"","_seopress_titles_desc":"","_seopress_robots_index":""},"product_brand":[3554],"product_cat":[169,1612,1616],"product_tag":[3266],"class_list":{"0":"post-463059","1":"product","2":"type-product","3":"status-publish","4":"has-post-thumbnail","6":"product_brand-stihl-de","7":"product_cat-maschinen","8":"product_cat-kettensagen","9":"product_cat-motor-kettensagen","10":"product_tag-import-stihl-de","11":"sws-gruppo-macchinari","12":"sws-conto-ricavi-merci-rivendita-macchinari","13":"sws-gruppo-iva-iva81","15":"first","16":"onbackorder","17":"sale","18":"purchasable","19":"product-type-simple"},"_links":{"self":[{"href":"https:\/\/lucacastelli.com\/de\/wp-json\/wp\/v2\/product\/463059","targetHints":{"allow":["GET"]}}],"collection":[{"href":"https:\/\/lucacastelli.com\/de\/wp-json\/wp\/v2\/product"}],"about":[{"href":"https:\/\/lucacastelli.com\/de\/wp-json\/wp\/v2\/types\/product"}],"wp:featuredmedia":[{"embeddable":true,"href":"https:\/\/lucacastelli.com\/de\/wp-json\/wp\/v2\/media\/897713"}],"wp:attachment":[{"href":"https:\/\/lucacastelli.com\/de\/wp-json\/wp\/v2\/media?parent=463059"}],"wp:term":[{"taxonomy":"product_brand","embeddable":true,"href":"https:\/\/lucacastelli.com\/de\/wp-json\/wp\/v2\/product_brand?post=463059"},{"taxonomy":"product_cat","embeddable":true,"href":"https:\/\/lucacastelli.com\/de\/wp-json\/wp\/v2\/product_cat?post=463059"},{"taxonomy":"product_tag","embeddable":true,"href":"https:\/\/lucacastelli.com\/de\/wp-json\/wp\/v2\/product_tag?post=463059"}],"curies":[{"name":"wp","href":"https:\/\/api.w.org\/{rel}","templated":true}]}}

STIHL MS 462 C-M, Schnittlänge 50 cm, ES Light, RS

<h2 class="product-details__title">Die leichteste Profi-Motorsäge in der 70-cm³-Klasse</h2>
<div class="product-details__description richtexteditor">
<p>Die STIHL MS 462 C-M ist eine sehr leichte Profi-Motorsäge der 70-cm³-Hubraumklasse. Sie erweist sich als besonders effizient für Arbeiten im Wald, für Forstbetriebe, im Landschaftsbau und Gartenbau sowie in der Landwirtschaft. Die Leistung von 4,4 kW (6 PS) ist ideal zum Fällen und Entasten mittelgrosser und grosser Bäume.  </p>
<p>Dank ihrer gewichtsoptimierten Komponenten wiegt sie nur 6,0 kg und ist damit extrem handlich. Bei anspruchsvollen Arbeiten zählt jedes Gramm. Zudem beschleunigt sie schnell und läuft mit konstanter Höchstdrehzahl.  </p>
<p>Die Forst-Motorsäge STIHL MS 462 C-M überzeugt durch ihren kraftvollen <strong>STIHL 2-MIX-Motor</strong> und das niedrige Leistungsgewicht. Die vollständige elektronische <strong>STIHL M-Tronic-Motorsteuerung</strong> sorgt für einfaches Starten und optimale Motorleistung. Weitere durchdachte Merkmale der Motorsäge:  </p>
<ul>
<li>Die werkzeuglosen Tankverschlüsse ermöglichen schnelles und einfaches Nachtanken von Öl.</li>
<li>Der Kettenwechsel ist dank verliersicherer Muttern am Kettenraddeckel einfach und schnell.</li>
<li>Bei staubigen Arbeiten schützt der <strong>HD2-Luftfilter</strong> mit Radial-Dichtung den Motor vor Feinstaub und lässt sich einfach reinigen, beispielsweise mit <strong>STIHL VarioClean</strong><a href="https://www.stihl.it/it/ap/varioclean-1461"><strong>.</strong></a> Die Kombination des HD2-Luftfilters mit der ebenfalls serienmässigen Vorabscheidung an der MS 462 bietet ein langlebiges Luftfiltersystem.</li>
</ul>
<p>&nbsp;</p>
</div>
<table data-test-id="pdp-spec-tech-table">
<tbody>
<tr>
<td>Hubraum</td>
<td>72,2 cm³</td>
</tr>
<tr>
<td>Leistung</td>
<td>4,40 kW</td>
</tr>
<tr>
<td>Leistung</td>
<td>6 PS</td>
</tr>
<tr>
<td>Leistung</td>
<td>5,90 bhp</td>
</tr>
<tr>
<td>CO2</td>
<td>704 g/kWh</td>
</tr>
<tr>
<td>Gerätegewicht ohne Kraftstoff</td>
<td>6 kg</td>
</tr>
<tr>
<td>Systemgewicht ohne Kraftstoff</td>
<td>7,33 / 7,27 / 7,58 kg</td>
</tr>
<tr>
<td>Leistungsgewicht</td>
<td>1,40 kg/kW</td>
</tr>
<tr>
<td>Schienenlänge</td>
<td>45 / 50 / 63 cm</td>
</tr>
<tr>
<td>Nutbreite</td>
<td>1,60 mm</td>
</tr>
<tr>
<td>Kettenteilung</td>
<td>3/8&#8243;</td>
</tr>
<tr>
<td>Gerätelänge mit Krallenanschlag</td>
<td>469 mm</td>
</tr>
<tr>
<td>Schalldruckpegel</td>
<td>108 dB(A)</td>
</tr>
<tr>
<td>Schallleistungspegel</td>
<td>118 dB(A)</td>
</tr>
<tr>
<td>Vibrationswert links</td>
<td>4,8 m/s²</td>
</tr>
<tr>
<td>Vibrationswert rechts</td>
<td>3,6 m/s²</td>
</tr>
</tbody>
</table>

<p>MS 462 C-M, Schnittlänge 50 cm, ES Light, RS</p>
